CRAN Package Check Results for Package unine

Last updated on 2022-01-16 23:51:50 CET.

Flavor Version Tinstall Tcheck Ttotal Status Flags
r-devel-linux-x86_64-debian-clang 0.2.0 64.79 37.02 101.81 OK
r-devel-linux-x86_64-debian-gcc 0.2.0 37.60 29.18 66.78 OK
r-devel-linux-x86_64-fedora-clang 0.2.0 154.34 NOTE
r-devel-linux-x86_64-fedora-gcc 0.2.0 123.84 NOTE
r-devel-windows-x86_64-new-UL 0.2.0 76.00 75.00 151.00 OK
r-devel-windows-x86_64-new-TK 0.2.0 NOTE
r-patched-linux-x86_64 0.2.0 47.05 36.01 83.06 OK
r-release-linux-x86_64 0.2.0 OK
r-release-macos-arm64 0.2.0 NOTE
r-release-macos-x86_64 0.2.0 NOTE
r-release-windows-ix86+x86_64 0.2.0 157.00 73.00 230.00 OK
r-oldrel-macos-x86_64 0.2.0 NOTE
r-oldrel-windows-ix86+x86_64 0.2.0 155.00 72.00 227.00 OK

Check Details

Version: 0.2.0
Check: data for non-ASCII characters
Result: NOTE
     Note: found 548 marked UTF-8 strings
Flavors: r-devel-linux-x86_64-fedora-clang, r-devel-linux-x86_64-fedora-gcc, r-devel-windows-x86_64-new-TK, r-release-macos-arm64, r-release-macos-x86_64, r-oldrel-macos-x86_64