Last updated on 2023-02-05 23:59:00 CET.
Flavor | Version | Tinstall | Tcheck | Ttotal | Status | Flags |
---|---|---|---|---|---|---|
r-devel-linux-x86_64-debian-clang | 0.2.0 | 70.40 | 30.15 | 100.55 | NOTE | |
r-devel-linux-x86_64-debian-gcc | 0.2.0 | 44.64 | 23.81 | 68.45 | NOTE | |
r-devel-linux-x86_64-fedora-clang | 0.2.0 | 155.90 | NOTE | |||
r-devel-linux-x86_64-fedora-gcc | 0.2.0 | 125.16 | NOTE | |||
r-devel-windows-x86_64 | 0.2.0 | 66.00 | 82.00 | 148.00 | NOTE | |
r-patched-linux-x86_64 | 0.2.0 | 50.96 | 30.26 | 81.22 | OK | |
r-release-linux-x86_64 | 0.2.0 | 45.53 | 29.85 | 75.38 | OK | |
r-release-macos-arm64 | 0.2.0 | 32.00 | NOTE | |||
r-release-macos-x86_64 | 0.2.0 | 47.00 | NOTE | |||
r-release-windows-x86_64 | 0.2.0 | 61.00 | 85.00 | 146.00 | OK | |
r-oldrel-macos-arm64 | 0.2.0 | 39.00 | NOTE | |||
r-oldrel-macos-x86_64 | 0.2.0 | 69.00 | NOTE | |||
r-oldrel-windows-ix86+x86_64 | 0.2.0 | 162.00 | 81.00 | 243.00 | OK |
Version: 0.2.0
Check: C++ specification
Result: NOTE
Specified C++11: please update to current default of C++17
Flavors: r-devel-linux-x86_64-debian-clang, r-devel-linux-x86_64-debian-gcc, r-devel-linux-x86_64-fedora-clang, r-devel-linux-x86_64-fedora-gcc, r-devel-windows-x86_64
Version: 0.2.0
Check: data for non-ASCII characters
Result: NOTE
Note: found 548 marked UTF-8 strings
Flavors: r-devel-linux-x86_64-fedora-clang, r-devel-linux-x86_64-fedora-gcc, r-release-macos-arm64, r-release-macos-x86_64, r-oldrel-macos-arm64, r-oldrel-macos-x86_64