CRAN Package Check Results for Package uniftest

Last updated on 2021-12-01 23:51:54 CET.

Flavor Version Tinstall Tcheck Ttotal Status Flags
r-devel-linux-x86_64-debian-clang 1.1 2.38 28.69 31.07 NOTE
r-devel-linux-x86_64-debian-gcc 1.1 1.95 23.17 25.12 NOTE
r-devel-linux-x86_64-fedora-clang 1.1 50.77 NOTE
r-devel-linux-x86_64-fedora-gcc 1.1 37.83 NOTE
r-devel-windows-x86_64-new-UL 1.1 5.00 60.00 65.00 NOTE
r-devel-windows-x86_64-new-TK 1.1 NOTE
r-devel-windows-x86_64-old 1.1 4.00 34.00 38.00 NOTE
r-patched-linux-x86_64 1.1 2.55 27.15 29.70 NOTE
r-patched-solaris-x86 1.1 57.10 NOTE
r-release-linux-x86_64 1.1 2.46 27.59 30.05 NOTE
r-release-macos-arm64 1.1 NOTE
r-release-macos-x86_64 1.1 NOTE
r-release-windows-ix86+x86_64 1.1 5.00 48.00 53.00 NOTE
r-oldrel-macos-x86_64 1.1 NOTE
r-oldrel-windows-ix86+x86_64 1.1 5.00 45.00 50.00 NOTE

Check Details

Version: 1.1
Check: R code for possible problems
Result: NOTE
    dudewicz.unif.test: no visible global function definition for 'runif'
    frosini.unif.test: no visible global function definition for 'runif'
    hegazy.unif.test: no visible global function definition for 'runif'
    kolmogorov.unif.test: no visible global function definition for 'runif'
    kuiper.unif.test: no visible global function definition for 'runif'
    neyman.unif.test: no visible global function definition for 'runif'
    quesenberry.unif.test: no visible global function definition for
     'runif'
    sarkadi.unif.test: no visible global function definition for 'runif'
    sherman.unif.test: no visible global function definition for 'runif'
    Undefined global functions or variables:
     runif
    Consider adding
     importFrom("stats", "runif")
    to your NAMESPACE file.
Flavors: r-devel-linux-x86_64-debian-clang, r-devel-linux-x86_64-debian-gcc, r-devel-linux-x86_64-fedora-clang, r-devel-linux-x86_64-fedora-gcc, r-devel-windows-x86_64-new-UL, r-devel-windows-x86_64-new-TK, r-devel-windows-x86_64-old, r-patched-linux-x86_64, r-patched-solaris-x86, r-release-linux-x86_64, r-release-macos-arm64, r-release-macos-x86_64, r-release-windows-ix86+x86_64, r-oldrel-macos-x86_64, r-oldrel-windows-ix86+x86_64