Last updated on 2023-01-26 23:56:06 CET.
Flavor | Version | Tinstall | Tcheck | Ttotal | Status | Flags |
---|---|---|---|---|---|---|
r-devel-linux-x86_64-debian-clang | 1.1.1 | 46.69 | 119.21 | 165.90 | NOTE | |
r-devel-linux-x86_64-debian-gcc | 1.1.1 | 35.10 | 87.72 | 122.82 | NOTE | |
r-devel-linux-x86_64-fedora-clang | 1.1.1 | 212.12 | NOTE | |||
r-devel-linux-x86_64-fedora-gcc | 1.1.1 | 208.54 | NOTE | |||
r-patched-linux-x86_64 | 1.1.1 | 39.83 | 114.35 | 154.18 | NOTE | |
r-release-linux-x86_64 | 1.1.1 | 34.51 | 115.93 | 150.44 | NOTE | |
r-release-macos-arm64 | 1.1.1 | 50.00 | NOTE | |||
r-release-macos-x86_64 | 1.1.1 | 87.00 | NOTE | |||
r-release-windows-x86_64 | 1.1.1 | 93.00 | 168.00 | 261.00 | NOTE | |
r-oldrel-macos-arm64 | 1.1.1 | 59.00 | NOTE | |||
r-oldrel-macos-x86_64 | 1.1.1 | 93.00 | NOTE | |||
r-oldrel-windows-ix86+x86_64 | 1.1.1 | 104.00 | 212.00 | 316.00 | NOTE |
Version: 1.1.1
Check: package subdirectories
Result: NOTE
Problems with news in ‘NEWS.md’:
No news entries found.
Flavors: r-devel-linux-x86_64-debian-clang, r-devel-linux-x86_64-debian-gcc, r-devel-linux-x86_64-fedora-clang, r-devel-linux-x86_64-fedora-gcc
Version: 1.1.1
Check: LazyData
Result: NOTE
'LazyData' is specified without a 'data' directory
Flavors: r-devel-linux-x86_64-debian-clang, r-devel-linux-x86_64-debian-gcc, r-devel-linux-x86_64-fedora-clang, r-devel-linux-x86_64-fedora-gcc, r-patched-linux-x86_64, r-release-linux-x86_64, r-release-macos-arm64, r-release-macos-x86_64, r-release-windows-x86_64, r-oldrel-macos-arm64, r-oldrel-macos-x86_64, r-oldrel-windows-ix86+x86_64