CRAN Package Check Results for Package uchardet

Last updated on 2022-06-26 23:52:13 CEST.

Flavor Version Tinstall Tcheck Ttotal Status Flags
r-devel-linux-x86_64-debian-clang 1.1.0 7.90 27.29 35.19 NOTE
r-devel-linux-x86_64-debian-gcc 1.1.0 6.68 21.23 27.91 NOTE
r-devel-linux-x86_64-fedora-clang 1.1.0 55.12 NOTE
r-devel-linux-x86_64-fedora-gcc 1.1.0 52.26 NOTE
r-devel-windows-x86_64 1.1.0 148.00 81.00 229.00 NOTE
r-patched-linux-x86_64 1.1.0 6.45 26.01 32.46 NOTE
r-release-linux-x86_64 1.1.0 6.49 25.94 32.43 NOTE
r-release-macos-arm64 1.1.0 21.00 NOTE
r-release-macos-x86_64 1.1.0 30.00 NOTE
r-release-windows-x86_64 1.1.0 139.00 76.00 215.00 NOTE
r-oldrel-macos-arm64 1.1.0 26.00 NOTE
r-oldrel-macos-x86_64 1.1.0 37.00 NOTE
r-oldrel-windows-ix86+x86_64 1.1.0 34.00 64.00 98.00 NOTE

Check Details

Version: 1.1.0
Check: for GNU extensions in Makefiles
Result: NOTE
    GNU make is a SystemRequirements.
Flavors: r-devel-linux-x86_64-debian-clang, r-devel-linux-x86_64-debian-gcc, r-devel-linux-x86_64-fedora-clang, r-devel-linux-x86_64-fedora-gcc, r-devel-windows-x86_64, r-patched-linux-x86_64, r-release-linux-x86_64, r-release-macos-arm64, r-release-macos-x86_64, r-release-windows-x86_64, r-oldrel-macos-arm64, r-oldrel-macos-x86_64, r-oldrel-windows-ix86+x86_64