CRAN Package Check Results for Package ubiquity

Last updated on 2024-06-14 00:54:03 CEST.

Flavor Version Tinstall Tcheck Ttotal Status Flags
r-devel-linux-x86_64-debian-clang 2.0.3 27.13 176.55 203.68 OK
r-devel-linux-x86_64-debian-gcc 2.0.3 1.03 1.99 3.02 ERROR
r-devel-linux-x86_64-fedora-clang 2.0.3 253.41 NOTE
r-devel-linux-x86_64-fedora-gcc 2.0.3 244.84 OK
r-devel-windows-x86_64 2.0.3 20.00 159.00 179.00 NOTE
r-patched-linux-x86_64 2.0.3 15.69 165.90 181.59 OK
r-release-linux-x86_64 2.0.3 14.32 166.77 181.09 OK
r-release-macos-arm64 2.0.3 83.00 NOTE
r-release-macos-x86_64 2.0.3 135.00 NOTE
r-release-windows-x86_64 2.0.3 20.00 162.00 182.00 NOTE
r-oldrel-macos-arm64 2.0.3 85.00 NOTE
r-oldrel-macos-x86_64 2.0.3 227.00 NOTE
r-oldrel-windows-x86_64 2.0.3 25.00 187.00 212.00 NOTE

Check Details

Version: 2.0.3
Check: package dependencies
Result: ERROR Packages required but not available: 'dplyr', 'ggplot2', 'onbrand', 'optimx', 'PKNCA', 'readxl', 'stringr' Packages suggested but not available for checking: 'GGally', 'ggrepel', 'testthat' See section ‘The DESCRIPTION file’ in the ‘Writing R Extensions’ manual. Flavor: r-devel-linux-x86_64-debian-gcc

Version: 2.0.3
Check: package dependencies
Result: NOTE Imports includes 21 non-default packages. Importing from so many packages makes the package vulnerable to any of them becoming unavailable. Move as many as possible to Suggests and use conditionally. Flavor: r-devel-linux-x86_64-fedora-clang

Version: 2.0.3
Check: installed package size
Result: NOTE installed size is 7.3Mb sub-directories of 1Mb or more: doc 4.5Mb ubinc 2.0Mb Flavors: r-devel-linux-x86_64-fedora-clang, r-devel-windows-x86_64, r-release-macos-arm64, r-release-macos-x86_64, r-release-windows-x86_64, r-oldrel-macos-arm64, r-oldrel-macos-x86_64, r-oldrel-windows-x86_64