CRAN Package Check Results for Package uavRmp

Last updated on 2021-07-30 23:52:05 CEST.

Flavor Version Tinstall Tcheck Ttotal Status Flags
r-devel-linux-x86_64-debian-clang 0.5.7 NOTE
r-devel-linux-x86_64-debian-gcc 0.5.7 9.64 84.36 94.00 NOTE
r-devel-linux-x86_64-fedora-clang 0.5.7 160.78 NOTE
r-devel-linux-x86_64-fedora-gcc 0.5.7 148.83 NOTE
r-devel-windows-x86_64 0.5.7 30.00 135.00 165.00 NOTE
r-devel-windows-x86_64-gcc10-UCRT 0.5.7 NOTE
r-patched-linux-x86_64 0.5.7 NOTE
r-patched-solaris-x86 0.5.7 211.10 NOTE
r-release-linux-x86_64 0.5.7 11.18 108.58 119.76 NOTE
r-release-macos-arm64 0.5.7 NOTE
r-release-macos-x86_64 0.5.7 NOTE
r-release-windows-ix86+x86_64 0.5.7 31.00 105.00 136.00 NOTE
r-oldrel-macos-x86_64 0.5.7 NOTE
r-oldrel-windows-ix86+x86_64 0.5.7 31.00 135.00 166.00 OK

Check Details

Version: 0.5.7
Check: LazyData
Result: NOTE
     'LazyData' is specified without a 'data' directory
Flavors: r-devel-linux-x86_64-debian-clang, r-devel-linux-x86_64-debian-gcc, r-devel-linux-x86_64-fedora-clang, r-devel-linux-x86_64-fedora-gcc, r-devel-windows-x86_64, r-devel-windows-x86_64-gcc10-UCRT, r-patched-linux-x86_64, r-patched-solaris-x86, r-release-linux-x86_64, r-release-macos-arm64, r-release-macos-x86_64, r-release-windows-ix86+x86_64

Version: 0.5.7
Check: dependencies in R code
Result: NOTE
    Namespace in Imports field not imported from: ‘rlang’
     All declared Imports should be used.
Flavors: r-devel-linux-x86_64-fedora-clang, r-devel-linux-x86_64-fedora-gcc, r-devel-windows-x86_64-gcc10-UCRT, r-patched-solaris-x86, r-release-macos-arm64, r-release-macos-x86_64, r-oldrel-macos-x86_64