Last updated on 2023-01-28 23:51:54 CET.
Flavor | Version | Tinstall | Tcheck | Ttotal | Status | Flags |
---|---|---|---|---|---|---|
r-devel-linux-x86_64-debian-clang | 0.3.8 | 15.22 | 229.42 | 244.64 | NOTE | |
r-devel-linux-x86_64-debian-gcc | 0.3.8 | 12.55 | 167.41 | 179.96 | NOTE | |
r-devel-linux-x86_64-fedora-clang | 0.3.8 | 293.18 | NOTE | |||
r-devel-linux-x86_64-fedora-gcc | 0.3.8 | 318.74 | NOTE | |||
r-patched-linux-x86_64 | 0.3.8 | 13.88 | 214.20 | 228.08 | NOTE | |
r-release-linux-x86_64 | 0.3.8 | 10.28 | 217.91 | 228.19 | NOTE | |
r-release-macos-arm64 | 0.3.8 | 68.00 | NOTE | |||
r-release-macos-x86_64 | 0.3.8 | 123.00 | NOTE | |||
r-release-windows-x86_64 | 0.3.8 | 35.00 | 261.00 | 296.00 | NOTE | |
r-oldrel-macos-arm64 | 0.3.8 | 67.00 | NOTE | |||
r-oldrel-macos-x86_64 | 0.3.8 | 95.00 | NOTE | |||
r-oldrel-windows-ix86+x86_64 | 0.3.8 | 35.00 | 218.00 | 253.00 | NOTE |
Version: 0.3.8
Check: package dependencies
Result: NOTE
Package which this enhances but not available for checking: ‘sl3’
Flavors: r-devel-linux-x86_64-debian-clang, r-devel-linux-x86_64-debian-gcc, r-devel-linux-x86_64-fedora-clang, r-devel-linux-x86_64-fedora-gcc, r-patched-linux-x86_64, r-release-linux-x86_64, r-release-macos-arm64, r-release-macos-x86_64, r-release-windows-x86_64, r-oldrel-macos-arm64, r-oldrel-macos-x86_64, r-oldrel-windows-ix86+x86_64