Last updated on 2023-06-07 01:03:41 CEST.
Flavor | Version | Tinstall | Tcheck | Ttotal | Status | Flags |
---|---|---|---|---|---|---|
r-devel-linux-x86_64-debian-clang | 0.2.3 | 10.38 | 57.72 | 68.10 | OK | |
r-devel-linux-x86_64-debian-gcc | 0.2.3 | 9.37 | 44.76 | 54.13 | OK | |
r-devel-linux-x86_64-fedora-clang | 0.2.3 | 90.96 | NOTE | |||
r-devel-linux-x86_64-fedora-gcc | 0.2.3 | 100.77 | NOTE | |||
r-devel-windows-x86_64 | 0.2.3 | 13.00 | 66.00 | 79.00 | OK | |
r-patched-linux-x86_64 | 0.2.3 | 10.20 | 55.07 | 65.27 | OK | |
r-release-linux-x86_64 | 0.2.3 | 10.99 | 54.39 | 65.38 | OK | |
r-release-macos-arm64 | 0.2.3 | 40.00 | OK | |||
r-release-macos-x86_64 | 0.2.3 | 59.00 | OK | |||
r-release-windows-x86_64 | 0.2.3 | 14.00 | 77.00 | 91.00 | OK | |
r-oldrel-macos-arm64 | 0.2.3 | 46.00 | NOTE | |||
r-oldrel-macos-x86_64 | 0.2.3 | 46.00 | NOTE | |||
r-oldrel-windows-x86_64 | 0.2.3 | 15.00 | 75.00 | 90.00 | OK |
Version: 0.2.3
Check: data for non-ASCII characters
Result: NOTE
Note: found 9 marked UTF-8 strings
Flavors: r-devel-linux-x86_64-fedora-clang, r-devel-linux-x86_64-fedora-gcc, r-oldrel-macos-arm64, r-oldrel-macos-x86_64