CRAN Package Check Results for Package twn

Last updated on 2022-01-24 23:54:44 CET.

Flavor Version Tinstall Tcheck Ttotal Status Flags
r-devel-linux-x86_64-debian-clang 0.2.1 9.50 65.59 75.09 OK
r-devel-linux-x86_64-debian-gcc 0.2.1 8.67 50.07 58.74 OK
r-devel-linux-x86_64-fedora-clang 0.2.1 93.33 NOTE
r-devel-linux-x86_64-fedora-gcc 0.2.1 82.40 NOTE
r-devel-windows-x86_64-new-UL 0.2.1 40.00 90.00 130.00 OK
r-devel-windows-x86_64-new-TK 0.2.1 NOTE
r-patched-linux-x86_64 0.2.1 8.99 62.19 71.18 OK
r-release-linux-x86_64 0.2.1 9.89 61.65 71.54 OK
r-release-macos-arm64 0.2.1 NOTE
r-release-macos-x86_64 0.2.1 NOTE
r-release-windows-ix86+x86_64 0.2.1 20.00 76.00 96.00 OK
r-oldrel-macos-x86_64 0.2.1 NOTE
r-oldrel-windows-ix86+x86_64 0.2.1 20.00 78.00 98.00 OK

Check Details

Version: 0.2.1
Check: data for non-ASCII characters
Result: NOTE
     Note: found 9 marked UTF-8 strings
Flavors: r-devel-linux-x86_64-fedora-clang, r-devel-linux-x86_64-fedora-gcc, r-devel-windows-x86_64-new-TK, r-release-macos-arm64, r-release-macos-x86_64, r-oldrel-macos-x86_64