CRAN Package Check Results for Package twangRDC

Last updated on 2024-06-14 00:54:03 CEST.

Flavor Version Tinstall Tcheck Ttotal Status Flags
r-devel-linux-x86_64-debian-clang 1.0 8.87 490.63 499.50 OK
r-devel-linux-x86_64-debian-gcc 1.0 0.44 2.08 2.52 ERROR
r-devel-linux-x86_64-fedora-clang 1.0 803.41 NOTE
r-devel-linux-x86_64-fedora-gcc 1.0 936.93 OK
r-devel-windows-x86_64 1.0 10.00 293.00 303.00 OK
r-patched-linux-x86_64 1.0 15.90 1075.55 1091.45 OK
r-release-linux-x86_64 1.0 10.15 1080.51 1090.66 OK
r-release-macos-arm64 1.0 279.00 OK
r-release-macos-x86_64 1.0 408.00 OK
r-release-windows-x86_64 1.0 10.00 298.00 308.00 OK
r-oldrel-macos-arm64 1.0 334.00 OK
r-oldrel-macos-x86_64 1.0 519.00 NOTE
r-oldrel-windows-x86_64 1.0 15.00 373.00 388.00 OK

Check Details

Version: 1.0
Check: package dependencies
Result: ERROR Package required but not available: ‘ggplot2’ See section ‘The DESCRIPTION file’ in the ‘Writing R Extensions’ manual. Flavor: r-devel-linux-x86_64-debian-gcc

Version: 1.0
Check: Rd cross-references
Result: NOTE Undeclared package ‘twang’ in Rd xrefs Flavor: r-devel-linux-x86_64-fedora-clang

Version: 1.0
Check: Rd cross-references
Result: NOTE Package unavailable to check Rd xrefs: ‘twang’ Flavor: r-oldrel-macos-x86_64