CRAN Package Check Results for Package twang

Last updated on 2022-10-05 23:55:16 CEST.

Flavor Version Tinstall Tcheck Ttotal Status Flags
r-devel-linux-x86_64-debian-clang 2.5 22.05 159.04 181.09 NOTE --no-vignettes
r-devel-linux-x86_64-debian-gcc 2.5 19.55 117.51 137.06 NOTE --no-vignettes
r-devel-linux-x86_64-fedora-clang 2.5 336.74 NOTE
r-devel-linux-x86_64-fedora-gcc 2.5 325.49 NOTE
r-devel-windows-x86_64 2.5 52.00 199.00 251.00 NOTE --no-vignettes
r-patched-linux-x86_64 2.5 25.54 147.17 172.71 OK --no-vignettes
r-release-linux-x86_64 2.5 19.01 145.55 164.56 OK --no-vignettes
r-release-macos-arm64 2.5 115.00 OK
r-release-macos-x86_64 2.5 201.00 OK
r-release-windows-x86_64 2.5 36.00 162.00 198.00 OK --no-vignettes
r-oldrel-macos-arm64 2.5 117.00 OK
r-oldrel-macos-x86_64 2.5 156.00 OK
r-oldrel-windows-ix86+x86_64 2.5 48.00 194.00 242.00 OK --no-vignettes

Check Details

Version: 2.5
Flags: --no-vignettes
Check: Rd files
Result: NOTE
    checkRd: (-1) lindner.Rd:44: Escaped LaTeX specials: \_
Flavors: r-devel-linux-x86_64-debian-clang, r-devel-linux-x86_64-debian-gcc, r-devel-windows-x86_64

Version: 2.5
Check: Rd files
Result: NOTE
    checkRd: (-1) lindner.Rd:44: Escaped LaTeX specials: \_
Flavors: r-devel-linux-x86_64-fedora-clang, r-devel-linux-x86_64-fedora-gcc