CRAN Package Check Results for Package tvthemes

Last updated on 2022-01-19 23:49:14 CET.

Flavor Version Tinstall Tcheck Ttotal Status Flags
r-devel-linux-x86_64-debian-clang 1.1.1 NOTE
r-devel-linux-x86_64-debian-gcc 1.1.1 5.53 76.02 81.55 NOTE
r-devel-linux-x86_64-fedora-clang 1.1.1 130.80 NOTE
r-devel-linux-x86_64-fedora-gcc 1.1.1 114.95 NOTE
r-devel-windows-x86_64-new-UL 1.1.1 143.00 135.00 278.00 NOTE
r-devel-windows-x86_64-new-TK 1.1.1 NOTE
r-patched-linux-x86_64 1.1.1 7.91 95.47 103.38 NOTE
r-release-linux-x86_64 1.1.1 NOTE
r-release-macos-arm64 1.1.1 NOTE
r-release-macos-x86_64 1.1.1 NOTE
r-release-windows-ix86+x86_64 1.1.1 18.00 122.00 140.00 NOTE
r-oldrel-macos-x86_64 1.1.1 OK
r-oldrel-windows-ix86+x86_64 1.1.1 18.00 120.00 138.00 OK

Check Details

Version: 1.1.1
Check: LazyData
Result: NOTE
     'LazyData' is specified without a 'data' directory
Flavors: r-devel-linux-x86_64-debian-clang, r-devel-linux-x86_64-debian-gcc, r-devel-linux-x86_64-fedora-clang, r-devel-linux-x86_64-fedora-gcc, r-devel-windows-x86_64-new-UL, r-devel-windows-x86_64-new-TK, r-patched-linux-x86_64, r-release-linux-x86_64, r-release-macos-arm64, r-release-macos-x86_64, r-release-windows-ix86+x86_64