CRAN Package Check Results for Package tutorial

Last updated on 2021-09-16 23:50:13 CEST.

Flavor Version Tinstall Tcheck Ttotal Status Flags
r-devel-linux-x86_64-debian-clang 0.4.3 2.27 32.49 34.76 NOTE
r-devel-linux-x86_64-debian-gcc 0.4.3 1.80 25.68 27.48 NOTE
r-devel-linux-x86_64-fedora-clang 0.4.3 53.16 NOTE
r-devel-linux-x86_64-fedora-gcc 0.4.3 40.14 NOTE
r-devel-windows-x86_64 0.4.3 4.00 62.00 66.00 NOTE
r-devel-windows-x86_64-gcc10-UCRT 0.4.3 NOTE
r-patched-linux-x86_64 0.4.3 2.30 30.99 33.29 NOTE
r-patched-solaris-x86 0.4.3 49.90 NOTE
r-release-linux-x86_64 0.4.3 1.96 30.81 32.77 NOTE
r-release-macos-arm64 0.4.3 NOTE
r-release-macos-x86_64 0.4.3 NOTE
r-release-windows-ix86+x86_64 0.4.3 6.00 44.00 50.00 NOTE
r-oldrel-macos-x86_64 0.4.3 OK
r-oldrel-windows-ix86+x86_64 0.4.3 5.00 56.00 61.00 OK

Check Details

Version: 0.4.3
Check: LazyData
Result: NOTE
     'LazyData' is specified without a 'data' directory
Flavors: r-devel-linux-x86_64-debian-clang, r-devel-linux-x86_64-debian-gcc, r-devel-linux-x86_64-fedora-clang, r-devel-linux-x86_64-fedora-gcc, r-devel-windows-x86_64, r-devel-windows-x86_64-gcc10-UCRT, r-patched-linux-x86_64, r-patched-solaris-x86, r-release-linux-x86_64, r-release-macos-arm64, r-release-macos-x86_64, r-release-windows-ix86+x86_64