CRAN Package Check Results for Package tuneRanger

Last updated on 2021-09-16 23:50:13 CEST.

Flavor Version Tinstall Tcheck Ttotal Status Flags
r-devel-linux-x86_64-debian-clang 0.5 13.96 145.54 159.50 NOTE
r-devel-linux-x86_64-debian-gcc 0.5 11.66 107.90 119.56 NOTE
r-devel-linux-x86_64-fedora-clang 0.5 207.46 NOTE
r-devel-linux-x86_64-fedora-gcc 0.5 184.36 NOTE
r-devel-windows-x86_64 0.5 16.00 170.00 186.00 NOTE
r-devel-windows-x86_64-gcc10-UCRT 0.5 NOTE
r-patched-linux-x86_64 0.5 12.50 137.28 149.78 NOTE
r-patched-solaris-x86 0.5 302.00 NOTE
r-release-linux-x86_64 0.5 12.10 136.06 148.16 NOTE
r-release-macos-arm64 0.5 NOTE
r-release-macos-x86_64 0.5 NOTE
r-release-windows-ix86+x86_64 0.5 31.00 119.00 150.00 NOTE
r-oldrel-macos-x86_64 0.5 OK
r-oldrel-windows-ix86+x86_64 0.5 22.00 152.00 174.00 OK

Check Details

Version: 0.5
Check: LazyData
Result: NOTE
     'LazyData' is specified without a 'data' directory
Flavors: r-devel-linux-x86_64-debian-clang, r-devel-linux-x86_64-debian-gcc, r-devel-linux-x86_64-fedora-clang, r-devel-linux-x86_64-fedora-gcc, r-devel-windows-x86_64, r-devel-windows-x86_64-gcc10-UCRT, r-patched-linux-x86_64, r-patched-solaris-x86, r-release-linux-x86_64, r-release-macos-arm64, r-release-macos-x86_64, r-release-windows-ix86+x86_64

Version: 0.5
Check: Rd cross-references
Result: NOTE
    Undeclared package ‘randomForest’ in Rd xrefs
Flavor: r-devel-linux-x86_64-fedora-clang