CRAN Package Check Results for Package tuber

Last updated on 2025-01-17 00:49:23 CET.

Flavor Version Tinstall Tcheck Ttotal Status Flags
r-devel-linux-x86_64-debian-clang 0.9.9 6.16 52.26 58.42 NOTE
r-devel-linux-x86_64-debian-gcc 0.9.9 4.37 39.62 43.99 NOTE
r-devel-linux-x86_64-fedora-clang 0.9.9 96.70 OK
r-devel-linux-x86_64-fedora-gcc 0.9.9 100.80 OK
r-devel-windows-x86_64 0.9.9 9.00 85.00 94.00 NOTE
r-patched-linux-x86_64 0.9.9 10.87 48.40 59.27 NOTE
r-release-linux-x86_64 0.9.9 5.75 48.28 54.03 NOTE
r-release-macos-arm64 0.9.9 36.00 NOTE
r-release-macos-x86_64 0.9.9 59.00 NOTE
r-release-windows-x86_64 0.9.9 9.00 89.00 98.00 NOTE
r-oldrel-macos-arm64 0.9.9 37.00 NOTE
r-oldrel-macos-x86_64 0.9.9 54.00 NOTE
r-oldrel-windows-x86_64 0.9.9 9.00 90.00 99.00 NOTE

Check Details

Version: 0.9.9
Check: Rd cross-references
Result: NOTE Found the following Rd file(s) with Rd \link{} targets missing package anchors: list_captions.Rd: GET upload_caption.Rd: POST upload_video.Rd: POST yt_oauth.Rd: oauth2.0_token Please provide package anchors for all Rd \link{} targets not in the package itself and the base packages. Flavors: r-devel-linux-x86_64-debian-clang, r-devel-linux-x86_64-debian-gcc, r-devel-windows-x86_64

Version: 0.9.9
Check: LazyData
Result: NOTE 'LazyData' is specified without a 'data' directory Flavors: r-patched-linux-x86_64, r-release-linux-x86_64, r-release-macos-arm64, r-release-macos-x86_64, r-release-windows-x86_64, r-oldrel-macos-arm64, r-oldrel-macos-x86_64, r-oldrel-windows-x86_64