CRAN Package Check Results for Package tsibbledata

Last updated on 2021-12-04 23:50:49 CET.

Flavor Version Tinstall Tcheck Ttotal Status Flags
r-devel-linux-x86_64-debian-clang 0.3.0 4.45 36.61 41.06 OK
r-devel-linux-x86_64-debian-gcc 0.3.0 3.60 28.35 31.95 OK
r-devel-linux-x86_64-fedora-clang 0.3.0 52.47 NOTE
r-devel-linux-x86_64-fedora-gcc 0.3.0 41.21 NOTE
r-devel-windows-x86_64-new-UL 0.3.0 13.00 65.00 78.00 OK
r-devel-windows-x86_64-new-TK 0.3.0 NOTE
r-devel-windows-x86_64-old 0.3.0 8.00 37.00 45.00 OK
r-patched-linux-x86_64 0.3.0 4.92 26.20 31.12 OK
r-release-linux-x86_64 0.3.0 4.31 26.48 30.79 OK
r-release-macos-arm64 0.3.0 NOTE
r-release-macos-x86_64 0.3.0 NOTE
r-release-windows-ix86+x86_64 0.3.0 10.00 44.00 54.00 OK
r-oldrel-macos-x86_64 0.3.0 NOTE
r-oldrel-windows-ix86+x86_64 0.3.0 11.00 51.00 62.00 OK

Check Details

Version: 0.3.0
Check: dependencies in R code
Result: NOTE
    Namespace in Imports field not imported from: ‘tsibble’
     All declared Imports should be used.
Flavors: r-devel-linux-x86_64-fedora-clang, r-devel-linux-x86_64-fedora-gcc, r-devel-windows-x86_64-new-TK, r-release-macos-arm64, r-release-macos-x86_64, r-oldrel-macos-x86_64