CRAN Package Check Results for Package tsfeatures

Last updated on 2022-05-23 23:50:18 CEST.

Flavor Version Tinstall Tcheck Ttotal Status Flags
r-devel-linux-x86_64-debian-clang 1.0.2 8.61 124.15 132.76 NOTE
r-devel-linux-x86_64-debian-gcc 1.0.2 7.60 91.24 98.84 NOTE
r-devel-linux-x86_64-fedora-clang 1.0.2 154.79 NOTE
r-devel-linux-x86_64-fedora-gcc 1.0.2 140.87 NOTE
r-devel-windows-x86_64 1.0.2 50.00 151.00 201.00 NOTE
r-patched-linux-x86_64 1.0.2 8.97 117.20 126.17 NOTE
r-release-linux-x86_64 1.0.2 NOTE
r-release-macos-arm64 1.0.2 49.00 NOTE
r-release-macos-x86_64 1.0.2 109.00 NOTE
r-release-windows-x86_64 1.0.2 54.00 149.00 203.00 NOTE
r-oldrel-macos-arm64 1.0.2 68.00 NOTE
r-oldrel-macos-x86_64 1.0.2 78.00 NOTE
r-oldrel-windows-ix86+x86_64 1.0.2 23.00 134.00 157.00 NOTE

Check Details

Version: 1.0.2
Check: LazyData
Result: NOTE
     'LazyData' is specified without a 'data' directory
Flavors: r-devel-linux-x86_64-debian-clang, r-devel-linux-x86_64-debian-gcc, r-devel-linux-x86_64-fedora-clang, r-devel-linux-x86_64-fedora-gcc, r-devel-windows-x86_64, r-patched-linux-x86_64, r-release-linux-x86_64, r-release-macos-arm64, r-release-macos-x86_64, r-release-windows-x86_64, r-oldrel-macos-arm64, r-oldrel-macos-x86_64, r-oldrel-windows-ix86+x86_64