CRAN Package Check Results for Package tsfeatures

Last updated on 2021-12-05 23:52:31 CET.

Flavor Version Tinstall Tcheck Ttotal Status Flags
r-devel-linux-x86_64-debian-clang 1.0.2 7.93 110.09 118.02 NOTE
r-devel-linux-x86_64-debian-gcc 1.0.2 5.91 88.44 94.35 NOTE
r-devel-linux-x86_64-fedora-clang 1.0.2 150.14 NOTE
r-devel-linux-x86_64-fedora-gcc 1.0.2 126.41 NOTE
r-devel-windows-x86_64-new-UL 1.0.2 20.00 178.00 198.00 NOTE
r-devel-windows-x86_64-new-TK 1.0.2 NOTE
r-devel-windows-x86_64-old 1.0.2 14.00 118.00 132.00 NOTE
r-patched-linux-x86_64 1.0.2 7.68 94.01 101.69 NOTE
r-release-linux-x86_64 1.0.2 7.18 102.89 110.07 NOTE
r-release-macos-arm64 1.0.2 NOTE
r-release-macos-x86_64 1.0.2 NOTE
r-release-windows-ix86+x86_64 1.0.2 20.00 124.00 144.00 NOTE
r-oldrel-macos-x86_64 1.0.2 OK
r-oldrel-windows-ix86+x86_64 1.0.2 19.00 210.00 229.00 OK

Check Details

Version: 1.0.2
Check: LazyData
Result: NOTE
     'LazyData' is specified without a 'data' directory
Flavors: r-devel-linux-x86_64-debian-clang, r-devel-linux-x86_64-debian-gcc, r-devel-linux-x86_64-fedora-clang, r-devel-linux-x86_64-fedora-gcc, r-devel-windows-x86_64-new-UL, r-devel-windows-x86_64-new-TK, r-devel-windows-x86_64-old, r-patched-linux-x86_64, r-release-linux-x86_64, r-release-macos-arm64, r-release-macos-x86_64, r-release-windows-ix86+x86_64