CRAN Package Check Results for Package trustedtimestamping

Last updated on 2022-01-23 23:50:33 CET.

Flavor Version Tinstall Tcheck Ttotal Status Flags
r-devel-linux-x86_64-debian-clang 0.2.6 2.39 31.76 34.15 NOTE
r-devel-linux-x86_64-debian-gcc 0.2.6 1.96 27.48 29.44 NOTE
r-devel-linux-x86_64-fedora-clang 0.2.6 42.68 NOTE
r-devel-linux-x86_64-fedora-gcc 0.2.6 31.42 NOTE
r-devel-windows-x86_64-new-UL 0.2.6 41.00 52.00 93.00 NOTE
r-devel-windows-x86_64-new-TK 0.2.6 NOTE
r-patched-linux-x86_64 0.2.6 2.31 30.51 32.82 NOTE
r-release-linux-x86_64 0.2.6 2.07 30.47 32.54 NOTE
r-release-macos-arm64 0.2.6 NOTE
r-release-macos-x86_64 0.2.6 NOTE
r-release-windows-ix86+x86_64 0.2.6 9.00 40.00 49.00 NOTE
r-oldrel-macos-x86_64 0.2.6 OK
r-oldrel-windows-ix86+x86_64 0.2.6 6.00 39.00 45.00 OK

Check Details

Version: 0.2.6
Check: LazyData
Result: NOTE
     'LazyData' is specified without a 'data' directory
Flavors: r-devel-linux-x86_64-debian-clang, r-devel-linux-x86_64-debian-gcc, r-devel-linux-x86_64-fedora-clang, r-devel-linux-x86_64-fedora-gcc, r-devel-windows-x86_64-new-UL, r-devel-windows-x86_64-new-TK, r-patched-linux-x86_64, r-release-linux-x86_64, r-release-macos-arm64, r-release-macos-x86_64, r-release-windows-ix86+x86_64