Last updated on 2023-06-04 00:54:46 CEST.
Flavor | Version | Tinstall | Tcheck | Ttotal | Status | Flags |
---|---|---|---|---|---|---|
r-devel-linux-x86_64-debian-clang | 0.1.5 | 2.87 | 30.32 | 33.19 | OK | |
r-devel-linux-x86_64-debian-gcc | 0.1.5 | 2.72 | 23.84 | 26.56 | OK | |
r-devel-linux-x86_64-fedora-clang | 0.1.5 | 43.61 | NOTE | |||
r-devel-linux-x86_64-fedora-gcc | 0.1.5 | 41.60 | NOTE | |||
r-devel-windows-x86_64 | 0.1.5 | 4.00 | 48.00 | 52.00 | OK | |
r-patched-linux-x86_64 | 0.1.5 | OK | ||||
r-release-linux-x86_64 | 0.1.5 | 3.49 | 29.17 | 32.66 | OK | |
r-release-macos-arm64 | 0.1.5 | 37.00 | OK | |||
r-release-macos-x86_64 | 0.1.5 | 25.00 | OK | |||
r-release-windows-x86_64 | 0.1.5 | 7.00 | 51.00 | 58.00 | OK | |
r-oldrel-macos-arm64 | 0.1.5 | 17.00 | NOTE | |||
r-oldrel-macos-x86_64 | 0.1.5 | 31.00 | NOTE | |||
r-oldrel-windows-x86_64 | 0.1.5 | 8.00 | 53.00 | 61.00 | OK |
Version: 0.1.5
Check: dependencies in R code
Result: NOTE
Namespace in Imports field not imported from: ‘tibble’
All declared Imports should be used.
Flavors: r-devel-linux-x86_64-fedora-clang, r-devel-linux-x86_64-fedora-gcc, r-oldrel-macos-arm64, r-oldrel-macos-x86_64
Version: 0.1.5
Check: data for non-ASCII characters
Result: NOTE
Note: found 1 marked UTF-8 string
Flavors: r-devel-linux-x86_64-fedora-clang, r-devel-linux-x86_64-fedora-gcc, r-oldrel-macos-arm64, r-oldrel-macos-x86_64