CRAN Package Check Results for Package trialr

Last updated on 2021-10-25 23:53:04 CEST.

Flavor Version Tinstall Tcheck Ttotal Status Flags
r-devel-linux-x86_64-debian-clang 0.1.5 858.05 410.45 1268.50 NOTE
r-devel-linux-x86_64-debian-gcc 0.1.5 785.64 347.04 1132.68 NOTE
r-devel-linux-x86_64-fedora-clang 0.1.5 1845.44 NOTE
r-devel-linux-x86_64-fedora-gcc 0.1.5 2039.92 NOTE
r-devel-windows-x86_64 0.1.5 1069.00 666.00 1735.00 NOTE
r-devel-windows-x86_64-gcc10-UCRT 0.1.5 NOTE
r-patched-linux-x86_64 0.1.5 893.38 483.52 1376.90 NOTE
r-patched-solaris-x86 0.1.5 1543.50 NOTE
r-release-linux-x86_64 0.1.5 887.19 482.03 1369.22 NOTE
r-release-macos-arm64 0.1.5 NOTE
r-release-macos-x86_64 0.1.5 NOTE
r-release-windows-ix86+x86_64 0.1.5 1549.00 946.00 2495.00 NOTE
r-oldrel-macos-x86_64 0.1.5 NOTE
r-oldrel-windows-ix86+x86_64 0.1.5 2137.00 943.00 3080.00 NOTE

Check Details

Version: 0.1.5
Check: LazyData
Result: NOTE
     'LazyData' is specified without a 'data' directory
Flavors: r-devel-linux-x86_64-debian-clang, r-devel-linux-x86_64-debian-gcc, r-devel-linux-x86_64-fedora-clang, r-devel-linux-x86_64-fedora-gcc, r-devel-windows-x86_64, r-devel-windows-x86_64-gcc10-UCRT, r-patched-linux-x86_64, r-patched-solaris-x86, r-release-linux-x86_64, r-release-macos-arm64, r-release-macos-x86_64, r-release-windows-ix86+x86_64

Version: 0.1.5
Check: for GNU extensions in Makefiles
Result: NOTE
    GNU make is a SystemRequirements.
Flavors: r-devel-linux-x86_64-debian-clang, r-devel-linux-x86_64-debian-gcc, r-devel-linux-x86_64-fedora-clang, r-devel-linux-x86_64-fedora-gcc, r-devel-windows-x86_64, r-devel-windows-x86_64-gcc10-UCRT, r-patched-linux-x86_64, r-patched-solaris-x86, r-release-linux-x86_64, r-release-macos-arm64, r-release-macos-x86_64, r-release-windows-ix86+x86_64, r-oldrel-macos-x86_64, r-oldrel-windows-ix86+x86_64

Version: 0.1.5
Check: installed package size
Result: NOTE
     installed size is 113.4Mb
     sub-directories of 1Mb or more:
     doc 3.8Mb
     libs 108.5Mb
Flavors: r-devel-linux-x86_64-fedora-clang, r-devel-windows-x86_64, r-patched-solaris-x86, r-release-macos-arm64, r-release-macos-x86_64, r-release-windows-ix86+x86_64, r-oldrel-macos-x86_64, r-oldrel-windows-ix86+x86_64

Version: 0.1.5
Check: line endings in C/C++/Fortran sources/headers
Result: NOTE
    Found the following sources/headers with CR or CRLF line endings:
     src/stan_files/AugBin2T1A.hpp
     src/stan_files/BebopInPeps2.hpp
     src/stan_files/CrmEmpiricNormalPrior.hpp
     src/stan_files/CrmOneParamLogisticGammaPrior.hpp
     src/stan_files/CrmOneParamLogisticNormalPrior.hpp
     src/stan_files/CrmTwoParamLogisticNormalPrior.hpp
     src/stan_files/EffTox.hpp
     src/stan_files/NeuenschwanderTwoParamLogit.hpp
     src/stan_files/ThallHierarchicalBinary.hpp
    Some Unix compilers require LF line endings.
Flavor: r-devel-windows-x86_64-gcc10-UCRT