Last updated on 2023-01-27 23:38:12 CET.
Flavor | Version | Tinstall | Tcheck | Ttotal | Status | Flags |
---|---|---|---|---|---|---|
r-devel-linux-x86_64-debian-clang | 1.1.4 | 106.00 | 44.70 | 150.70 | OK | |
r-devel-linux-x86_64-debian-gcc | 1.1.4 | 83.48 | 34.88 | 118.36 | NOTE | |
r-devel-linux-x86_64-fedora-clang | 1.1.4 | 223.03 | NOTE | |||
r-devel-linux-x86_64-fedora-gcc | 1.1.4 | 190.53 | NOTE | |||
r-patched-linux-x86_64 | 1.1.4 | 87.32 | 43.52 | 130.84 | OK | |
r-release-linux-x86_64 | 1.1.4 | 85.40 | 43.14 | 128.54 | OK | |
r-release-macos-arm64 | 1.1.4 | 54.00 | NOTE | |||
r-release-macos-x86_64 | 1.1.4 | 72.00 | NOTE | |||
r-release-windows-x86_64 | 1.1.4 | 90.00 | 97.00 | 187.00 | OK | |
r-oldrel-macos-arm64 | 1.1.4 | 61.00 | NOTE | |||
r-oldrel-macos-x86_64 | 1.1.4 | 81.00 | NOTE | |||
r-oldrel-windows-ix86+x86_64 | 1.1.4 | 232.00 | 105.00 | 337.00 | OK |
Version: 1.1.4
Check: C++ specification
Result: NOTE
Specified C++11: please update to current default of C++17
Flavors: r-devel-linux-x86_64-debian-gcc, r-devel-linux-x86_64-fedora-clang, r-devel-linux-x86_64-fedora-gcc
Version: 1.1.4
Check: installed package size
Result: NOTE
installed size is 11.2Mb
sub-directories of 1Mb or more:
libs 11.0Mb
Flavors: r-release-macos-arm64, r-release-macos-x86_64, r-oldrel-macos-arm64, r-oldrel-macos-x86_64