Last updated on 2023-01-27 23:38:12 CET.
Flavor | Version | Tinstall | Tcheck | Ttotal | Status | Flags |
---|---|---|---|---|---|---|
r-devel-linux-x86_64-debian-clang | 1.1.0 | 152.81 | 71.43 | 224.24 | NOTE | |
r-devel-linux-x86_64-debian-gcc | 1.1.0 | 131.92 | 53.49 | 185.41 | NOTE | |
r-devel-linux-x86_64-fedora-clang | 1.1.0 | 322.72 | NOTE | |||
r-devel-linux-x86_64-fedora-gcc | 1.1.0 | 310.99 | NOTE | |||
r-patched-linux-x86_64 | 1.1.0 | 135.63 | 67.97 | 203.60 | NOTE | |
r-release-linux-x86_64 | 1.1.0 | 138.38 | 68.02 | 206.40 | NOTE | |
r-release-macos-arm64 | 1.1.0 | 79.00 | NOTE | |||
r-release-macos-x86_64 | 1.1.0 | 97.00 | NOTE | |||
r-release-windows-x86_64 | 1.1.0 | 150.00 | 133.00 | 283.00 | NOTE | |
r-oldrel-macos-arm64 | 1.1.0 | 90.00 | NOTE | |||
r-oldrel-macos-x86_64 | 1.1.0 | 119.00 | NOTE | |||
r-oldrel-windows-ix86+x86_64 | 1.1.0 | 374.00 | 141.00 | 515.00 | NOTE |
Version: 1.1.0
Check: package subdirectories
Result: NOTE
Problems with news in ‘NEWS.md’:
Cannot extract version info from the following section titles:
Bug fixes
Flavors: r-devel-linux-x86_64-debian-clang, r-devel-linux-x86_64-debian-gcc, r-devel-linux-x86_64-fedora-clang, r-devel-linux-x86_64-fedora-gcc
Version: 1.1.0
Check: LazyData
Result: NOTE
'LazyData' is specified without a 'data' directory
Flavors: r-devel-linux-x86_64-debian-clang, r-devel-linux-x86_64-debian-gcc, r-devel-linux-x86_64-fedora-clang, r-devel-linux-x86_64-fedora-gcc, r-patched-linux-x86_64, r-release-linux-x86_64, r-release-macos-arm64, r-release-macos-x86_64, r-release-windows-x86_64, r-oldrel-macos-arm64, r-oldrel-macos-x86_64, r-oldrel-windows-ix86+x86_64
Version: 1.1.0
Check: C++ specification
Result: NOTE
Specified C++11: please update to current default of C++17
Flavors: r-devel-linux-x86_64-debian-gcc, r-devel-linux-x86_64-fedora-clang, r-devel-linux-x86_64-fedora-gcc
Version: 1.1.0
Check: installed package size
Result: NOTE
installed size is 6.6Mb
sub-directories of 1Mb or more:
libs 6.1Mb
Flavors: r-release-macos-arm64, r-release-macos-x86_64, r-oldrel-macos-arm64, r-oldrel-macos-x86_64