CRAN Package Check Results for Package treedata.table

Last updated on 2024-06-14 00:54:02 CEST.

Flavor Version Tinstall Tcheck Ttotal Status Flags
r-devel-linux-x86_64-debian-clang 0.1.0 11.64 145.52 157.16 OK
r-devel-linux-x86_64-debian-gcc 0.1.0 0.61 1.86 2.47 ERROR
r-devel-linux-x86_64-fedora-clang 0.1.0 205.27 OK
r-devel-linux-x86_64-fedora-gcc 0.1.0 255.84 OK
r-devel-windows-x86_64 0.1.0 11.00 134.00 145.00 OK
r-patched-linux-x86_64 0.1.0 17.22 138.55 155.77 OK
r-release-linux-x86_64 0.1.0 10.31 140.56 150.87 OK
r-release-macos-arm64 0.1.0 81.00 OK
r-release-macos-x86_64 0.1.0 129.00 OK
r-release-windows-x86_64 0.1.0 11.00 132.00 143.00 OK
r-oldrel-macos-arm64 0.1.0 92.00 OK
r-oldrel-macos-x86_64 0.1.0 138.00 OK
r-oldrel-windows-x86_64 0.1.0 15.00 152.00 167.00 OK

Check Details

Version: 0.1.0
Check: package dependencies
Result: ERROR Package required but not available: ‘geiger’ Package suggested but not available for checking: ‘testthat’ See section ‘The DESCRIPTION file’ in the ‘Writing R Extensions’ manual. Flavor: r-devel-linux-x86_64-debian-gcc