CRAN Package Check Results for Package tree.interpreter

Last updated on 2024-06-14 00:54:02 CEST.

Flavor Version Tinstall Tcheck Ttotal Status Flags
r-devel-linux-x86_64-debian-clang 0.1.1 43.21 57.82 101.03 NOTE
r-devel-linux-x86_64-debian-gcc 0.1.1 29.23 35.19 64.42 ERROR
r-devel-linux-x86_64-fedora-clang 0.1.1 147.83 NOTE
r-devel-linux-x86_64-fedora-gcc 0.1.1 160.83 NOTE
r-devel-windows-x86_64 0.1.1 35.00 82.00 117.00 NOTE
r-patched-linux-x86_64 0.1.1 38.44 54.13 92.57 NOTE
r-release-linux-x86_64 0.1.1 37.57 55.29 92.86 NOTE
r-release-macos-arm64 0.1.1 40.00 NOTE
r-release-macos-x86_64 0.1.1 56.00 NOTE
r-release-windows-x86_64 0.1.1 36.00 86.00 122.00 NOTE
r-oldrel-macos-arm64 0.1.1 48.00 NOTE
r-oldrel-macos-x86_64 0.1.1 77.00 NOTE
r-oldrel-windows-x86_64 0.1.1 43.00 91.00 134.00 NOTE

Check Details

Version: 0.1.1
Check: C++ specification
Result: NOTE Specified C++11: please drop specification unless essential Flavors: r-devel-linux-x86_64-debian-clang, r-devel-linux-x86_64-debian-gcc, r-devel-linux-x86_64-fedora-clang, r-devel-linux-x86_64-fedora-gcc, r-devel-windows-x86_64, r-patched-linux-x86_64, r-release-linux-x86_64, r-release-macos-arm64, r-release-macos-x86_64, r-release-windows-x86_64, r-oldrel-macos-arm64, r-oldrel-macos-x86_64, r-oldrel-windows-x86_64

Version: 0.1.1
Check: package dependencies
Result: NOTE Package suggested but not available for checking: ‘testthat’ Flavor: r-devel-linux-x86_64-debian-gcc

Version: 0.1.1
Check: tests
Result: ERROR Running ‘testthat.R’ [0s/1s] Running the tests in ‘tests/testthat.R’ failed. Complete output: > library(testthat) Error in library(testthat) : there is no package called 'testthat' Execution halted Flavor: r-devel-linux-x86_64-debian-gcc