CRAN Package Check Results for Package transx

Last updated on 2022-01-22 23:52:26 CET.

Flavor Version Tinstall Tcheck Ttotal Status Flags
r-devel-linux-x86_64-debian-clang 0.0.1 3.02 62.56 65.58 NOTE
r-devel-linux-x86_64-debian-gcc 0.0.1 2.47 46.60 49.07 NOTE
r-devel-linux-x86_64-fedora-clang 0.0.1 79.65 NOTE
r-devel-linux-x86_64-fedora-gcc 0.0.1 68.92 NOTE
r-devel-windows-x86_64-new-UL 0.0.1 61.00 93.00 154.00 NOTE
r-devel-windows-x86_64-new-TK 0.0.1 NOTE
r-patched-linux-x86_64 0.0.1 3.06 59.18 62.24 NOTE
r-release-linux-x86_64 0.0.1 3.06 59.03 62.09 NOTE
r-release-macos-arm64 0.0.1 NOTE
r-release-macos-x86_64 0.0.1 NOTE
r-release-windows-ix86+x86_64 0.0.1 6.00 76.00 82.00 NOTE
r-oldrel-macos-x86_64 0.0.1 OK
r-oldrel-windows-ix86+x86_64 0.0.1 7.00 80.00 87.00 OK

Check Details

Version: 0.0.1
Check: LazyData
Result: NOTE
     'LazyData' is specified without a 'data' directory
Flavors: r-devel-linux-x86_64-debian-clang, r-devel-linux-x86_64-debian-gcc, r-devel-linux-x86_64-fedora-clang, r-devel-linux-x86_64-fedora-gcc, r-devel-windows-x86_64-new-UL, r-devel-windows-x86_64-new-TK, r-patched-linux-x86_64, r-release-linux-x86_64, r-release-macos-arm64, r-release-macos-x86_64, r-release-windows-ix86+x86_64