CRAN Package Check Results for Package transforEmotion

Last updated on 2024-06-14 00:54:02 CEST.

Flavor Version Tinstall Tcheck Ttotal Status Flags
r-devel-linux-x86_64-debian-clang 0.1.4 12.15 115.33 127.48 OK
r-devel-linux-x86_64-debian-gcc 0.1.4 0.64 1.87 2.51 ERROR
r-devel-linux-x86_64-fedora-clang 0.1.4 160.09 NOTE
r-devel-linux-x86_64-fedora-gcc 0.1.4 165.92 NOTE
r-devel-windows-x86_64 0.1.4 10.00 106.00 116.00 OK
r-patched-linux-x86_64 0.1.4 10.72 111.29 122.01 OK
r-release-linux-x86_64 0.1.4 10.37 111.68 122.05 OK
r-release-macos-arm64 0.1.4 54.00 OK
r-release-macos-x86_64 0.1.4 83.00 OK
r-release-windows-x86_64 0.1.4 12.00 119.00 131.00 OK
r-oldrel-macos-arm64 0.1.4 57.00 OK
r-oldrel-macos-x86_64 0.1.4 114.00 OK
r-oldrel-windows-x86_64 0.1.4 13.00 124.00 137.00 OK

Check Details

Version: 0.1.4
Check: package dependencies
Result: ERROR Packages required but not available: 'googledrive', 'dplyr' Package suggested but not available for checking: ‘testthat’ See section ‘The DESCRIPTION file’ in the ‘Writing R Extensions’ manual. Flavor: r-devel-linux-x86_64-debian-gcc

Version: 0.1.4
Check: data for non-ASCII characters
Result: NOTE Note: found 827 marked UTF-8 strings Flavors: r-devel-linux-x86_64-fedora-clang, r-devel-linux-x86_64-fedora-gcc