CRAN Package Check Results for Package traitdataform

Last updated on 2021-12-02 23:51:26 CET.

Flavor Version Tinstall Tcheck Ttotal Status Flags
r-devel-linux-x86_64-debian-clang 0.6.7 8.97 83.03 92.00 OK
r-devel-linux-x86_64-debian-gcc 0.6.7 6.90 62.67 69.57 OK
r-devel-linux-x86_64-fedora-clang 0.6.7 128.23 NOTE
r-devel-linux-x86_64-fedora-gcc 0.6.7 107.80 NOTE
r-devel-windows-x86_64-new-UL 0.6.7 17.00 142.00 159.00 OK
r-devel-windows-x86_64-new-TK 0.6.7 NOTE
r-devel-windows-x86_64-old 0.6.7 15.00 96.00 111.00 OK
r-patched-linux-x86_64 0.6.7 9.24 78.33 87.57 OK
r-patched-solaris-x86 0.6.7 147.50 NOTE
r-release-linux-x86_64 0.6.7 8.54 79.35 87.89 OK
r-release-macos-arm64 0.6.7 NOTE
r-release-macos-x86_64 0.6.7 NOTE
r-release-windows-ix86+x86_64 0.6.7 22.00 124.00 146.00 OK
r-oldrel-macos-x86_64 0.6.7 NOTE
r-oldrel-windows-ix86+x86_64 0.6.7 21.00 125.00 146.00 OK

Check Details

Version: 0.6.7
Check: dependencies in R code
Result: NOTE
    Namespace in Imports field not imported from: ‘suppdata’
     All declared Imports should be used.
Flavors: r-devel-linux-x86_64-fedora-clang, r-devel-linux-x86_64-fedora-gcc, r-devel-windows-x86_64-new-TK, r-patched-solaris-x86, r-release-macos-arm64, r-release-macos-x86_64, r-oldrel-macos-x86_64

Version: 0.6.7
Check: data for non-ASCII characters
Result: NOTE
     Note: found 2 marked Latin-1 strings
     Note: found 701 marked UTF-8 strings
Flavors: r-devel-linux-x86_64-fedora-clang, r-devel-linux-x86_64-fedora-gcc, r-devel-windows-x86_64-new-TK, r-patched-solaris-x86, r-release-macos-arm64, r-release-macos-x86_64, r-oldrel-macos-x86_64