CRAN Package Check Results for Package trainsplit

Last updated on 2024-06-14 00:54:02 CEST.

Flavor Version Tinstall Tcheck Ttotal Status Flags
r-devel-linux-x86_64-debian-clang 1.1 2.18 26.26 28.44 OK
r-devel-linux-x86_64-debian-gcc 1.1 1.90 20.80 22.70 NOTE
r-devel-linux-x86_64-fedora-clang 1.1 37.67 OK
r-devel-linux-x86_64-fedora-gcc 1.1 35.92 OK
r-devel-windows-x86_64 1.1 3.00 42.00 45.00 OK
r-patched-linux-x86_64 1.1 2.63 25.87 28.50 OK
r-release-linux-x86_64 1.1 2.22 25.71 27.93 OK
r-release-macos-arm64 1.1 17.00 OK
r-release-macos-x86_64 1.1 22.00 OK
r-release-windows-x86_64 1.1 3.00 43.00 46.00 OK
r-oldrel-macos-arm64 1.1 22.00 OK
r-oldrel-macos-x86_64 1.1 38.00 OK
r-oldrel-windows-x86_64 1.1 3.00 43.00 46.00 OK

Check Details

Version: 1.1
Check: package dependencies
Result: NOTE Packages suggested but not available for checking: 'tibble', 'dplyr' Flavor: r-devel-linux-x86_64-debian-gcc