Last updated on 2023-01-28 23:51:54 CET.
Flavor | Version | Tinstall | Tcheck | Ttotal | Status | Flags |
---|---|---|---|---|---|---|
r-devel-linux-x86_64-debian-clang | 0.1.5 | 25.36 | 45.91 | 71.27 | OK | |
r-devel-linux-x86_64-debian-gcc | 0.1.5 | 17.88 | 35.84 | 53.72 | NOTE | |
r-devel-linux-x86_64-fedora-clang | 0.1.5 | 101.45 | NOTE | |||
r-devel-linux-x86_64-fedora-gcc | 0.1.5 | 89.35 | NOTE | |||
r-patched-linux-x86_64 | 0.1.5 | 21.44 | 44.62 | 66.06 | OK | |
r-release-linux-x86_64 | 0.1.5 | 21.28 | 43.95 | 65.23 | OK | |
r-release-macos-arm64 | 0.1.5 | 33.00 | OK | |||
r-release-macos-x86_64 | 0.1.5 | 41.00 | OK | |||
r-release-windows-x86_64 | 0.1.5 | 47.00 | 104.00 | 151.00 | OK | |
r-oldrel-macos-arm64 | 0.1.5 | 40.00 | OK | |||
r-oldrel-macos-x86_64 | 0.1.5 | 59.00 | OK | |||
r-oldrel-windows-ix86+x86_64 | 0.1.5 | 65.00 | 114.00 | 179.00 | OK |
Version: 0.1.5
Check: C++ specification
Result: NOTE
Specified C++11: please update to current default of C++17
Flavors: r-devel-linux-x86_64-debian-gcc, r-devel-linux-x86_64-fedora-clang, r-devel-linux-x86_64-fedora-gcc