CRAN Package Check Results for Package togglr

Last updated on 2021-12-04 23:50:48 CET.

Flavor Version Tinstall Tcheck Ttotal Status Flags
r-devel-linux-x86_64-debian-clang 0.1.33 5.53 59.65 65.18 NOTE
r-devel-linux-x86_64-debian-gcc 0.1.33 4.43 45.42 49.85 NOTE
r-devel-linux-x86_64-fedora-clang 0.1.33 81.98 NOTE
r-devel-linux-x86_64-fedora-gcc 0.1.33 65.43 NOTE
r-devel-windows-x86_64-new-UL 0.1.33 16.00 96.00 112.00 NOTE
r-devel-windows-x86_64-new-TK 0.1.33 NOTE
r-devel-windows-x86_64-old 0.1.33 10.00 55.00 65.00 NOTE
r-patched-linux-x86_64 0.1.33 5.60 47.73 53.33 NOTE
r-release-linux-x86_64 0.1.33 5.37 47.94 53.31 NOTE
r-release-macos-arm64 0.1.33 NOTE
r-release-macos-x86_64 0.1.33 NOTE
r-release-windows-ix86+x86_64 0.1.33 15.00 70.00 85.00 NOTE
r-oldrel-macos-x86_64 0.1.33 OK
r-oldrel-windows-ix86+x86_64 0.1.33 15.00 72.00 87.00 OK

Check Details

Version: 0.1.33
Check: LazyData
Result: NOTE
     'LazyData' is specified without a 'data' directory
Flavors: r-devel-linux-x86_64-debian-clang, r-devel-linux-x86_64-debian-gcc, r-devel-linux-x86_64-fedora-clang, r-devel-linux-x86_64-fedora-gcc, r-devel-windows-x86_64-new-UL, r-devel-windows-x86_64-new-TK, r-devel-windows-x86_64-old, r-patched-linux-x86_64, r-release-linux-x86_64, r-release-macos-arm64, r-release-macos-x86_64, r-release-windows-ix86+x86_64