CRAN Package Check Results for Package tmvtnorm

Last updated on 2024-07-16 00:56:14 CEST.

Flavor Version Tinstall Tcheck Ttotal Status Flags
r-devel-linux-x86_64-debian-clang 1.6 12.78 119.64 132.42 OK
r-devel-linux-x86_64-debian-gcc 1.6 9.97 86.03 96.00 OK
r-devel-linux-x86_64-fedora-clang 1.6 169.30 NOTE
r-devel-linux-x86_64-fedora-gcc 1.6 164.99 NOTE
r-devel-windows-x86_64 1.6 14.00 124.00 138.00 NOTE
r-patched-linux-x86_64 1.6 11.76 112.52 124.28 OK
r-release-linux-x86_64 1.6 9.74 113.23 122.97 OK
r-release-macos-arm64 1.6 52.00 OK
r-release-macos-x86_64 1.6 79.00 OK
r-release-windows-x86_64 1.6 13.00 123.00 136.00 OK
r-oldrel-macos-arm64 1.6 62.00 OK
r-oldrel-macos-x86_64 1.6 146.00 OK
r-oldrel-windows-x86_64 1.6 17.00 142.00 159.00 OK

Check Details

Version: 1.6
Check: compiled code
Result: NOTE File ‘tmvtnorm/libs/tmvtnorm.so’: Found no calls to: ‘R_registerRoutines’, ‘R_useDynamicSymbols’ It is good practice to register native routines and to disable symbol search. See ‘Writing portable packages’ in the ‘Writing R Extensions’ manual. Flavors: r-devel-linux-x86_64-fedora-clang, r-devel-linux-x86_64-fedora-gcc

Version: 1.6
Check: Rd cross-references
Result: NOTE Found the following Rd file(s) with Rd \link{} targets missing package anchors: gmm.tmvnorm.Rd: gmm Please provide package anchors for all Rd \link{} targets not in the package itself and the base packages. Flavor: r-devel-windows-x86_64