CRAN Package Check Results for Package tmod

Last updated on 2023-06-07 01:03:40 CEST.

Flavor Version Tinstall Tcheck Ttotal Status Flags
r-devel-linux-x86_64-debian-clang 0.50.13 11.26 159.08 170.34 OK
r-devel-linux-x86_64-debian-gcc 0.50.13 9.42 120.32 129.74 OK
r-devel-linux-x86_64-fedora-clang 0.50.13 210.74 NOTE
r-devel-linux-x86_64-fedora-gcc 0.50.13 208.92 NOTE
r-devel-windows-x86_64 0.50.13 12.00 148.00 160.00 OK
r-patched-linux-x86_64 0.50.13 11.80 147.97 159.77 OK
r-release-linux-x86_64 0.50.13 7.25 152.02 159.27 OK
r-release-macos-arm64 0.50.13 74.00 OK
r-release-macos-x86_64 0.50.13 112.00 OK
r-release-windows-x86_64 0.50.13 14.00 177.00 191.00 OK
r-oldrel-macos-arm64 0.50.13 80.00 OK
r-oldrel-macos-x86_64 0.50.13 93.00 OK
r-oldrel-windows-x86_64 0.50.13 15.00 173.00 188.00 OK

Check Details

Version: 0.50.13
Check: data for non-ASCII characters
Result: NOTE
     Note: found 1 marked UTF-8 string
Flavors: r-devel-linux-x86_64-fedora-clang, r-devel-linux-x86_64-fedora-gcc