CRAN Package Check Results for Package tmbstan

Last updated on 2021-11-28 23:50:43 CET.

Flavor Version Tinstall Tcheck Ttotal Status Flags
r-devel-linux-x86_64-debian-clang 1.0.2 OK
r-devel-linux-x86_64-debian-gcc 1.0.2 93.02 101.35 194.37 OK
r-devel-linux-x86_64-fedora-clang 1.0.2 332.58 NOTE
r-devel-linux-x86_64-fedora-gcc 1.0.2 316.20 OK
r-devel-windows-x86_64-new-UL 1.0.2 121.00 207.00 328.00 OK
r-devel-windows-x86_64-new-TK 1.0.2 OK
r-devel-windows-x86_64-old 1.0.2 119.00 200.00 319.00 OK
r-patched-linux-x86_64 1.0.2 103.24 117.37 220.61 OK
r-patched-solaris-x86 1.0.2 400.00 OK
r-release-linux-x86_64 1.0.2 105.48 118.86 224.34 OK
r-release-macos-arm64 1.0.2 NOTE
r-release-macos-x86_64 1.0.2 NOTE
r-release-windows-ix86+x86_64 1.0.2 260.00 170.00 430.00 OK
r-oldrel-macos-x86_64 1.0.2 NOTE
r-oldrel-windows-ix86+x86_64 1.0.2 252.00 253.00 505.00 OK

Check Details

Version: 1.0.2
Check: installed package size
Result: NOTE
     installed size is 21.3Mb
     sub-directories of 1Mb or more:
     libs 21.0Mb
Flavors: r-devel-linux-x86_64-fedora-clang, r-release-macos-arm64, r-release-macos-x86_64, r-oldrel-macos-x86_64