Last updated on 2023-02-08 00:03:42 CET.
Flavor | Version | Tinstall | Tcheck | Ttotal | Status | Flags |
---|---|---|---|---|---|---|
r-devel-linux-x86_64-debian-clang | 1.1.2 | 243.13 | 43.98 | 287.11 | NOTE | |
r-devel-linux-x86_64-debian-gcc | 1.1.2 | 170.53 | 35.57 | 206.10 | NOTE | |
r-devel-linux-x86_64-fedora-clang | 1.1.2 | 436.62 | NOTE | |||
r-devel-linux-x86_64-fedora-gcc | 1.1.2 | 400.90 | NOTE | |||
r-devel-windows-x86_64 | 1.1.2 | 174.00 | 94.00 | 268.00 | NOTE | |
r-patched-linux-x86_64 | 1.1.2 | 190.39 | 41.57 | 231.96 | OK | |
r-release-linux-x86_64 | 1.1.2 | 182.71 | 44.86 | 227.57 | OK | |
r-release-macos-arm64 | 1.1.2 | 96.00 | NOTE | |||
r-release-macos-x86_64 | 1.1.2 | 114.00 | NOTE | |||
r-release-windows-x86_64 | 1.1.2 | 182.00 | 104.00 | 286.00 | OK | |
r-oldrel-macos-arm64 | 1.1.1 | 80.00 | NOTE | |||
r-oldrel-macos-x86_64 | 1.1.1 | 108.00 | NOTE |
Version: 1.1.2
Check: C++ specification
Result: NOTE
Specified C++14: please update to current default of C++17
Flavors: r-devel-linux-x86_64-debian-clang, r-devel-linux-x86_64-debian-gcc, r-devel-windows-x86_64
Version: 1.1.2
Check: C++ specification
Result: NOTE
Specified C++14: please drop specification unless essential
Flavors: r-devel-linux-x86_64-fedora-clang, r-devel-linux-x86_64-fedora-gcc
Version: 1.1.2
Check: installed package size
Result: NOTE
installed size is 10.5Mb
sub-directories of 1Mb or more:
libs 10.3Mb
Flavors: r-release-macos-arm64, r-release-macos-x86_64
Version: 1.1.1
Check: installed package size
Result: NOTE
installed size is 11.4Mb
sub-directories of 1Mb or more:
libs 11.3Mb
Flavors: r-oldrel-macos-arm64, r-oldrel-macos-x86_64