CRAN Package Check Results for Package tlars

Last updated on 2024-06-14 00:54:02 CEST.

Flavor Version Tinstall Tcheck Ttotal Status Flags
r-devel-linux-x86_64-debian-clang 1.0.1 57.43 121.18 178.61 OK
r-devel-linux-x86_64-debian-gcc 1.0.1 42.50 84.86 127.36 ERROR
r-devel-linux-x86_64-fedora-clang 1.0.1 239.17 OK
r-devel-linux-x86_64-fedora-gcc 1.0.1 262.80 OK
r-devel-windows-x86_64 1.0.1 47.00 128.00 175.00 OK
r-patched-linux-x86_64 1.0.1 57.49 117.39 174.88 OK
r-release-linux-x86_64 1.0.1 51.16 120.67 171.83 OK
r-release-macos-arm64 1.0.1 65.00 NOTE
r-release-macos-x86_64 1.0.1 99.00 NOTE
r-release-windows-x86_64 1.0.1 47.00 135.00 182.00 OK
r-oldrel-macos-arm64 1.0.1 84.00 NOTE
r-oldrel-macos-x86_64 1.0.1 179.00 NOTE
r-oldrel-windows-x86_64 1.0.1 56.00 150.00 206.00 OK

Check Details

Version: 1.0.1
Check: package dependencies
Result: NOTE Packages suggested but not available for checking: 'ggplot2', 'patchwork', 'testthat' Flavor: r-devel-linux-x86_64-debian-gcc

Version: 1.0.1
Check: tests
Result: ERROR Running ‘testthat.R’ [0s/1s] Running the tests in ‘tests/testthat.R’ failed. Complete output: > library(testthat) Error in library(testthat) : there is no package called 'testthat' Execution halted Flavor: r-devel-linux-x86_64-debian-gcc

Version: 1.0.1
Check: re-building of vignette outputs
Result: ERROR Error(s) in re-building vignettes: ... --- re-building ‘tlars_variable_selection.Rmd’ using rmarkdown ** Processing: /home/hornik/tmp/R.check/r-devel-gcc/Work/PKGS/tlars.Rcheck/vign_test/tlars/vignettes/tlars_variable_selection_files/figure-html/terminated_solution_path_T_3-1.png 1920x1152 pixels, 3x8 bits/pixel, RGB Input IDAT size = 146437 bytes Input file size = 146719 bytes Trying: zc = 9 zm = 8 zs = 0 f = 0 IDAT size = 120549 zc = 9 zm = 8 zs = 1 f = 0 zc = 1 zm = 8 zs = 2 f = 0 zc = 9 zm = 8 zs = 3 f = 0 zc = 9 zm = 8 zs = 0 f = 5 zc = 9 zm = 8 zs = 1 f = 5 zc = 1 zm = 8 zs = 2 f = 5 zc = 9 zm = 8 zs = 3 f = 5 Selecting parameters: zc = 9 zm = 8 zs = 0 f = 0 IDAT size = 120549 Output IDAT size = 120549 bytes (25888 bytes decrease) Output file size = 120627 bytes (26092 bytes = 17.78% decrease) ** Processing: /home/hornik/tmp/R.check/r-devel-gcc/Work/PKGS/tlars.Rcheck/vign_test/tlars/vignettes/tlars_variable_selection_files/figure-html/terminated_solution_path_T_5-1.png 1920x1152 pixels, 3x8 bits/pixel, RGB Input IDAT size = 147698 bytes Input file size = 147992 bytes Trying: zc = 9 zm = 8 zs = 0 f = 0 IDAT size = 127593 zc = 9 zm = 8 zs = 1 f = 0 zc = 1 zm = 8 zs = 2 f = 0 zc = 9 zm = 8 zs = 3 f = 0 zc = 9 zm = 8 zs = 0 f = 5 zc = 9 zm = 8 zs = 1 f = 5 zc = 1 zm = 8 zs = 2 f = 5 zc = 9 zm = 8 zs = 3 f = 5 Selecting parameters: zc = 9 zm = 8 zs = 0 f = 0 IDAT size = 127593 Output IDAT size = 127593 bytes (20105 bytes decrease) Output file size = 127671 bytes (20321 bytes = 13.73% decrease) ** Processing: /home/hornik/tmp/R.check/r-devel-gcc/Work/PKGS/tlars.Rcheck/vign_test/tlars/vignettes/tlars_variable_selection_files/figure-html/terminated_solution_path_T_10-1.png 1920x1152 pixels, 3x8 bits/pixel, RGB Input IDAT size = 178211 bytes Input file size = 178541 bytes Trying: zc = 9 zm = 8 zs = 0 f = 0 IDAT size = 160847 zc = 9 zm = 8 zs = 1 f = 0 zc = 1 zm = 8 zs = 2 f = 0 zc = 9 zm = 8 zs = 3 f = 0 zc = 9 zm = 8 zs = 0 f = 5 zc = 9 zm = 8 zs = 1 f = 5 zc = 1 zm = 8 zs = 2 f = 5 zc = 9 zm = 8 zs = 3 f = 5 Selecting parameters: zc = 9 zm = 8 zs = 0 f = 0 IDAT size = 160847 Output IDAT size = 160847 bytes (17364 bytes decrease) Output file size = 160925 bytes (17616 bytes = 9.87% decrease) Quitting from lines 281-328 [FDR_and_TPR] (tlars_variable_selection.Rmd) Error: processing vignette 'tlars_variable_selection.Rmd' failed with diagnostics: there is no package called 'ggplot2' --- failed re-building ‘tlars_variable_selection.Rmd’ SUMMARY: processing the following file failed: ‘tlars_variable_selection.Rmd’ Error: Vignette re-building failed. Execution halted Flavor: r-devel-linux-x86_64-debian-gcc

Version: 1.0.1
Check: installed package size
Result: NOTE installed size is 7.3Mb sub-directories of 1Mb or more: doc 2.2Mb libs 4.7Mb Flavors: r-release-macos-arm64, r-release-macos-x86_64, r-oldrel-macos-arm64, r-oldrel-macos-x86_64