CRAN Package Check Results for Package tkrplot

Last updated on 2024-07-19 00:53:33 CEST.

Flavor Version Tinstall Tcheck Ttotal Status Flags
r-devel-linux-x86_64-debian-clang 0.0-27 3.37 25.58 28.95 NOTE
r-devel-linux-x86_64-debian-gcc 0.0-27 3.03 19.36 22.39 NOTE
r-devel-linux-x86_64-fedora-clang 0.0-27 40.55 NOTE
r-devel-linux-x86_64-fedora-gcc 0.0-27 37.32 NOTE
r-devel-windows-x86_64 0.0-27 16.00 43.00 59.00 WARN
r-patched-linux-x86_64 0.0-27 3.71 23.74 27.45 NOTE
r-release-linux-x86_64 0.0-27 3.53 19.90 23.43 NOTE
r-release-macos-arm64 0.0-27 21.00 OK
r-release-macos-x86_64 0.0-27 28.00 OK
r-release-windows-x86_64 0.0-27 14.00 42.00 56.00 WARN
r-oldrel-macos-arm64 0.0-27 22.00 OK
r-oldrel-macos-x86_64 0.0-27 29.00 OK
r-oldrel-windows-x86_64 0.0-27 18.00 44.00 62.00 WARN

Check Details

Version: 0.0-27
Check: R code for possible problems
Result: NOTE Found an obsolete/platform-specific call in the following function: ‘.my.tkdev’ Found the platform-specific device: ‘X11’ dev.new() is the preferred way to open a new device, in the unlikely event one is needed. Flavors: r-devel-linux-x86_64-debian-clang, r-devel-linux-x86_64-debian-gcc, r-devel-linux-x86_64-fedora-clang, r-devel-linux-x86_64-fedora-gcc, r-patched-linux-x86_64, r-release-linux-x86_64

Version: 0.0-27
Check: whether package can be installed
Result: WARN Found the following significant warnings: tcltkimg.c:93:1: warning: function declaration isn't a prototype [-Wstrict-prototypes] tcltkimg.c:94:1: warning: function declaration isn't a prototype [-Wstrict-prototypes] tcltkimg.c:317:29: warning: format '%d' expects argument of type 'int', but argument 2 has type 'DWORD' {aka 'long unsigned int'} [-Wformat=] See 'd:/Rcompile/CRANpkg/local/4.5/tkrplot.Rcheck/00install.out' for details. * used C compiler: 'gcc.exe (GCC) 13.2.0' Flavor: r-devel-windows-x86_64

Version: 0.0-27
Check: whether package can be installed
Result: WARN Found the following significant warnings: tcltkimg.c:93:1: warning: function declaration isn't a prototype [-Wstrict-prototypes] tcltkimg.c:94:1: warning: function declaration isn't a prototype [-Wstrict-prototypes] tcltkimg.c:317:29: warning: format '%d' expects argument of type 'int', but argument 2 has type 'DWORD' {aka 'long unsigned int'} [-Wformat=] See 'd:/Rcompile/CRANpkg/local/4.4/tkrplot.Rcheck/00install.out' for details. * used C compiler: 'gcc.exe (GCC) 13.2.0' Flavor: r-release-windows-x86_64

Version: 0.0-27
Check: whether package can be installed
Result: WARN Found the following significant warnings: D:/RCompile/recent/R-4.3.3/Tcl/include/X11/Xlib.h:131:9: warning: function declaration isn't a prototype [-Wstrict-prototypes] D:/RCompile/recent/R-4.3.3/Tcl/include/X11/Xlib.h:334:16: warning: function declaration isn't a prototype [-Wstrict-prototypes] D:/RCompile/recent/R-4.3.3/Tcl/include/X11/Xlib.h:453:9: warning: function declaration isn't a prototype [-Wstrict-prototypes] D:/RCompile/recent/R-4.3.3/Tcl/include/X11/Xlib.h:471:9: warning: function declaration isn't a prototype [-Wstrict-prototypes] D:/RCompile/recent/R-4.3.3/Tcl/include/X11/Xlib.h:496:9: warning: function declaration isn't a prototype [-Wstrict-prototypes] D:/RCompile/recent/R-4.3.3/Tcl/include/X11/Xlib.h:497:9: warning: function declaration isn't a prototype [-Wstrict-prototypes] D:/RCompile/recent/R-4.3.3/Tcl/include/X11/Xlib.h:509:9: warning: function declaration isn't a prototype [-Wstrict-prototypes] D:/RCompile/recent/R-4.3.3/Tcl/include/X11/Xlib.h:522:9: warning: function declaration isn't a prototype [-Wstrict-prototypes] D:/RCompile/recent/R-4.3.3/Tcl/include/X11/Xlib.h:1053:1: warning: function declaration isn't a prototype [-Wstrict-prototypes] tcltkimg.c:93:1: warning: function declaration isn't a prototype [-Wstrict-prototypes] tcltkimg.c:94:1: warning: function declaration isn't a prototype [-Wstrict-prototypes] See 'd:/Rcompile/CRANpkg/local/4.3/tkrplot.Rcheck/00install.out' for details. * used C compiler: 'gcc.exe (GCC) 12.3.0' Flavor: r-oldrel-windows-x86_64