Last updated on 2023-01-28 23:51:54 CET.
Flavor | Version | Tinstall | Tcheck | Ttotal | Status | Flags |
---|---|---|---|---|---|---|
r-devel-linux-x86_64-debian-clang | 0.0.12 | 202.14 | 152.35 | 354.49 | NOTE | |
r-devel-linux-x86_64-debian-gcc | 0.0.12 | 159.67 | 119.40 | 279.07 | NOTE | |
r-devel-linux-x86_64-fedora-clang | 0.0.12 | 443.00 | NOTE | |||
r-devel-linux-x86_64-fedora-gcc | 0.0.12 | 513.17 | NOTE | |||
r-patched-linux-x86_64 | 0.0.12 | 174.35 | 153.18 | 327.53 | NOTE | |
r-release-linux-x86_64 | 0.0.12 | 165.48 | 113.25 | 278.73 | NOTE | |
r-release-macos-arm64 | 0.0.12 | 101.00 | NOTE | |||
r-release-macos-x86_64 | 0.0.12 | 168.00 | NOTE | |||
r-release-windows-x86_64 | 0.0.12 | 170.00 | 222.00 | 392.00 | NOTE | |
r-oldrel-macos-arm64 | 0.0.12 | 93.00 | NOTE | |||
r-oldrel-macos-x86_64 | 0.0.12 | 172.00 | NOTE | |||
r-oldrel-windows-ix86+x86_64 | 0.0.12 | 416.00 | 284.00 | 700.00 | NOTE |
Version: 0.0.12
Check: for GNU extensions in Makefiles
Result: NOTE
GNU make is a SystemRequirements.
Flavors: r-devel-linux-x86_64-debian-clang, r-devel-linux-x86_64-debian-gcc, r-devel-linux-x86_64-fedora-clang, r-devel-linux-x86_64-fedora-gcc, r-patched-linux-x86_64, r-release-linux-x86_64, r-release-macos-arm64, r-release-macos-x86_64, r-release-windows-x86_64, r-oldrel-macos-arm64, r-oldrel-macos-x86_64, r-oldrel-windows-ix86+x86_64
Version: 0.0.12
Check: C++ specification
Result: NOTE
Specified C++14: please update to current default of C++17
Flavors: r-devel-linux-x86_64-debian-gcc, r-devel-linux-x86_64-fedora-clang, r-devel-linux-x86_64-fedora-gcc
Version: 0.0.12
Check: installed package size
Result: NOTE
installed size is 7.0Mb
sub-directories of 1Mb or more:
doc 1.9Mb
libs 3.0Mb
Flavors: r-devel-linux-x86_64-fedora-clang, r-release-macos-arm64, r-release-macos-x86_64, r-release-windows-x86_64, r-oldrel-macos-arm64, r-oldrel-macos-x86_64, r-oldrel-windows-ix86+x86_64
Version: 0.0.12
Check: dependencies in R code
Result: NOTE
Namespace in Imports field not imported from: ‘sp’
All declared Imports should be used.
Flavors: r-devel-linux-x86_64-fedora-clang, r-devel-linux-x86_64-fedora-gcc
Version: 0.0.12
Check: data for non-ASCII characters
Result: NOTE
Note: found 1 marked UTF-8 string
Flavors: r-devel-linux-x86_64-fedora-clang, r-devel-linux-x86_64-fedora-gcc