CRAN Package Check Results for Package tipitaka

Last updated on 2023-06-09 00:54:37 CEST.

Flavor Version Tinstall Tcheck Ttotal Status Flags
r-devel-linux-x86_64-debian-clang 0.1.2 48.59 39.99 88.58 NOTE
r-devel-linux-x86_64-debian-gcc 0.1.2 41.46 31.61 73.07 NOTE
r-devel-linux-x86_64-fedora-clang 0.1.2 120.87 NOTE
r-devel-linux-x86_64-fedora-gcc 0.1.2 116.80 NOTE
r-devel-windows-x86_64 0.1.2 50.00 79.00 129.00 NOTE
r-patched-linux-x86_64 0.1.2 47.35 38.83 86.18 NOTE
r-release-linux-x86_64 0.1.2 48.67 39.46 88.13 NOTE
r-release-macos-arm64 0.1.2 68.00 NOTE
r-release-macos-x86_64 0.1.2 86.00 NOTE
r-release-windows-x86_64 0.1.2 59.00 86.00 145.00 NOTE
r-oldrel-macos-arm64 0.1.2 59.00 NOTE
r-oldrel-macos-x86_64 0.1.2 88.00 NOTE
r-oldrel-windows-x86_64 0.1.2 61.00 78.00 139.00 NOTE

Check Details

Version: 0.1.2
Check: C++ specification
Result: NOTE
     Specified C++14: please drop specification unless essential
Flavors: r-devel-linux-x86_64-debian-clang, r-devel-linux-x86_64-debian-gcc, r-devel-linux-x86_64-fedora-clang, r-devel-linux-x86_64-fedora-gcc, r-devel-windows-x86_64, r-patched-linux-x86_64, r-release-linux-x86_64, r-release-macos-arm64, r-release-macos-x86_64, r-release-windows-x86_64

Version: 0.1.2
Check: installed package size
Result: NOTE
     installed size is 5.5Mb
     sub-directories of 1Mb or more:
     data 5.1Mb
Flavors: r-devel-linux-x86_64-fedora-clang, r-devel-windows-x86_64, r-release-macos-arm64, r-release-macos-x86_64, r-release-windows-x86_64, r-oldrel-macos-arm64, r-oldrel-macos-x86_64, r-oldrel-windows-x86_64

Version: 0.1.2
Check: dependencies in R code
Result: NOTE
    Namespaces in Imports field not imported from:
     ‘cpp11’ ‘dplyr’ ‘magrittr’ ‘stringi’
     All declared Imports should be used.
Flavors: r-devel-linux-x86_64-fedora-clang, r-devel-linux-x86_64-fedora-gcc, r-oldrel-macos-arm64, r-oldrel-macos-x86_64

Version: 0.1.2
Check: data for non-ASCII characters
Result: NOTE
     Note: found 384749 marked UTF-8 strings
Flavors: r-devel-linux-x86_64-fedora-clang, r-devel-linux-x86_64-fedora-gcc, r-oldrel-macos-arm64, r-oldrel-macos-x86_64