CRAN Package Check Results for Package tinyscholar

Last updated on 2021-06-20 23:50:04 CEST.

Flavor Version Tinstall Tcheck Ttotal Status Flags
r-devel-linux-x86_64-debian-clang 0.1.3 4.70 52.58 57.28 OK
r-devel-linux-x86_64-debian-gcc 0.1.3 3.71 39.27 42.98 OK
r-devel-linux-x86_64-fedora-clang 0.1.3 78.06 OK
r-devel-linux-x86_64-fedora-gcc 0.1.3 65.08 OK
r-devel-windows-x86_64 0.1.3 9.00 76.00 85.00 OK
r-devel-windows-x86_64-gcc10-UCRT 0.1.3 ERROR
r-patched-linux-x86_64 0.1.3 4.44 48.88 53.32 OK
r-patched-solaris-x86 0.1.3 97.50 OK
r-release-linux-x86_64 0.1.3 4.73 48.56 53.29 OK
r-release-macos-arm64 0.1.3 OK
r-release-macos-x86_64 0.1.3 OK
r-release-windows-ix86+x86_64 0.1.3 13.00 75.00 88.00 OK
r-oldrel-macos-x86_64 0.1.3 OK

Check Details

Version: 0.1.3
Check: package dependencies
Result: ERROR
    Packages required but not available: 'curl', 'rvest'
    
    See section 'The DESCRIPTION file' in the 'Writing R Extensions'
    manual.
Flavor: r-devel-windows-x86_64-gcc10-UCRT