Last updated on 2023-05-30 00:59:59 CEST.
Flavor | Version | Tinstall | Tcheck | Ttotal | Status | Flags |
---|---|---|---|---|---|---|
r-devel-linux-x86_64-debian-clang | 0.2.0 | 5.20 | 64.71 | 69.91 | OK | |
r-devel-linux-x86_64-debian-gcc | 0.2.0 | 4.33 | 49.28 | 53.61 | OK | |
r-devel-linux-x86_64-fedora-clang | 0.2.0 | 84.47 | NOTE | |||
r-devel-linux-x86_64-fedora-gcc | 0.2.0 | 91.44 | NOTE | |||
r-devel-windows-x86_64 | 0.2.0 | 8.00 | 76.00 | 84.00 | OK | |
r-patched-linux-x86_64 | 0.2.0 | 5.74 | 61.18 | 66.92 | OK | |
r-release-linux-x86_64 | 0.2.0 | 4.51 | 60.38 | 64.89 | OK | |
r-release-macos-arm64 | 0.2.0 | 37.00 | OK | |||
r-release-macos-x86_64 | 0.2.0 | 55.00 | OK | |||
r-release-windows-x86_64 | 0.2.0 | 11.00 | 77.00 | 88.00 | OK | |
r-oldrel-macos-arm64 | 0.2.0 | 26.00 | NOTE | |||
r-oldrel-macos-x86_64 | 0.2.0 | 41.00 | NOTE | |||
r-oldrel-windows-x86_64 | 0.2.0 | 11.00 | 86.00 | 97.00 | OK |
Version: 0.2.0
Check: dependencies in R code
Result: NOTE
Namespace in Imports field not imported from: ‘sp’
All declared Imports should be used.
Flavors: r-devel-linux-x86_64-fedora-clang, r-devel-linux-x86_64-fedora-gcc, r-oldrel-macos-arm64, r-oldrel-macos-x86_64
Version: 0.2.0
Check: data for non-ASCII characters
Result: NOTE
Note: found 341 marked UTF-8 strings
Flavors: r-devel-linux-x86_64-fedora-clang, r-devel-linux-x86_64-fedora-gcc, r-oldrel-macos-arm64, r-oldrel-macos-x86_64