CRAN Package Check Results for Package tiff

Last updated on 2024-07-13 00:55:41 CEST.

Flavor Version Tinstall Tcheck Ttotal Status Flags
r-devel-linux-x86_64-debian-clang 0.1-12 6.29 22.67 28.96 OK
r-devel-linux-x86_64-debian-gcc 0.1-12 4.32 17.52 21.84 OK
r-devel-linux-x86_64-fedora-clang 0.1-12 37.10 OK
r-devel-linux-x86_64-fedora-gcc 0.1-12 36.44 OK
r-devel-windows-x86_64 0.1-12 8.00 56.00 64.00 OK
r-patched-linux-x86_64 0.1-12 5.61 21.56 27.17 OK
r-release-linux-x86_64 0.1-12 4.86 21.97 26.83 OK
r-release-macos-arm64 0.1-12 19.00 NOTE
r-release-macos-x86_64 0.1-12 26.00 NOTE
r-release-windows-x86_64 0.1-12 9.00 55.00 64.00 OK
r-oldrel-macos-arm64 0.1-12 25.00 NOTE
r-oldrel-macos-x86_64 0.1-12 48.00 NOTE
r-oldrel-windows-x86_64 0.1-12 10.00 52.00 62.00 OK

Check Details

Version: 0.1-12
Check: installed package size
Result: NOTE installed size is 5.4Mb sub-directories of 1Mb or more: libs 5.3Mb Flavors: r-release-macos-arm64, r-release-macos-x86_64, r-oldrel-macos-arm64, r-oldrel-macos-x86_64