Last updated on 2022-08-08 23:53:10 CEST.
Flavor | Version | Tinstall | Tcheck | Ttotal | Status | Flags |
---|---|---|---|---|---|---|
r-devel-linux-x86_64-debian-clang | 1.0.7 | 183.05 | 65.89 | 248.94 | OK | |
r-devel-linux-x86_64-debian-gcc | 1.0.7 | 142.05 | 49.12 | 191.17 | OK | |
r-devel-linux-x86_64-fedora-clang | 1.0.7 | 376.04 | NOTE | |||
r-devel-linux-x86_64-fedora-gcc | 1.0.7 | 347.14 | OK | |||
r-devel-windows-x86_64 | 1.0.7 | 164.00 | 122.00 | 286.00 | OK | |
r-patched-linux-x86_64 | 1.0.7 | 154.72 | 62.97 | 217.69 | OK | |
r-release-linux-x86_64 | 1.0.7 | OK | ||||
r-release-macos-arm64 | 1.0.7 | 71.00 | NOTE | |||
r-release-macos-x86_64 | 1.0.7 | 103.00 | NOTE | |||
r-release-windows-x86_64 | 1.0.7 | 160.00 | 124.00 | 284.00 | OK | |
r-oldrel-macos-arm64 | 1.0.7 | 100.00 | NOTE | |||
r-oldrel-macos-x86_64 | 1.0.7 | 131.00 | NOTE | |||
r-oldrel-windows-ix86+x86_64 | 1.0.7 | 431.00 | 129.00 | 560.00 | OK |
Version: 1.0.7
Check: installed package size
Result: NOTE
installed size is 7.5Mb
sub-directories of 1Mb or more:
libs 6.4Mb
Flavors: r-devel-linux-x86_64-fedora-clang, r-release-macos-arm64, r-release-macos-x86_64, r-oldrel-macos-arm64, r-oldrel-macos-x86_64