Last updated on 2022-05-16 23:55:45 CEST.
Flavor | Version | Tinstall | Tcheck | Ttotal | Status | Flags |
---|---|---|---|---|---|---|
r-devel-linux-x86_64-debian-clang | 1.3.1 | 10.76 | 104.84 | 115.60 | OK | |
r-devel-linux-x86_64-debian-gcc | 1.3.1 | 9.25 | 78.21 | 87.46 | OK | |
r-devel-linux-x86_64-fedora-clang | 1.3.1 | 133.21 | NOTE | |||
r-devel-linux-x86_64-fedora-gcc | 1.3.1 | 132.27 | NOTE | |||
r-devel-windows-x86_64 | 1.3.1 | 30.00 | 118.00 | 148.00 | OK | |
r-patched-linux-x86_64 | 1.3.1 | 9.12 | 97.36 | 106.48 | OK | |
r-release-linux-x86_64 | 1.3.1 | 9.74 | 97.15 | 106.89 | OK | |
r-release-macos-arm64 | 1.3.1 | 38.00 | NOTE | |||
r-release-macos-x86_64 | 1.3.1 | 65.00 | NOTE | |||
r-release-windows-x86_64 | 1.3.1 | 24.00 | 124.00 | 148.00 | OK | |
r-oldrel-macos-arm64 | 1.3.1 | 45.00 | NOTE | |||
r-oldrel-macos-x86_64 | 1.3.1 | 51.00 | NOTE | |||
r-oldrel-windows-ix86+x86_64 | 1.3.1 | 25.00 | 117.00 | 142.00 | OK |
Version: 1.3.1
Check: package dependencies
Result: NOTE
Imports includes 29 non-default packages.
Importing from so many packages makes the package vulnerable to any of
them becoming unavailable. Move as many as possible to Suggests and
use conditionally.
Flavor: r-devel-linux-x86_64-fedora-clang
Version: 1.3.1
Check: dependencies in R code
Result: NOTE
Namespaces in Imports field not imported from:
‘dtplyr’ ‘googledrive’ ‘googlesheets4’
All declared Imports should be used.
Flavors: r-devel-linux-x86_64-fedora-clang, r-devel-linux-x86_64-fedora-gcc, r-release-macos-arm64, r-release-macos-x86_64, r-oldrel-macos-arm64, r-oldrel-macos-x86_64