CRAN Package Check Results for Package tidystats

Last updated on 2022-09-25 23:56:27 CEST.

Flavor Version Tinstall Tcheck Ttotal Status Flags
r-devel-linux-x86_64-debian-clang 0.5.1 6.16 87.82 93.98 OK
r-devel-linux-x86_64-debian-gcc 0.5.1 5.75 65.08 70.83 OK
r-devel-linux-x86_64-fedora-clang 0.5.1 121.33 NOTE
r-devel-linux-x86_64-fedora-gcc 0.5.1 119.90 NOTE
r-devel-windows-x86_64 0.5.1 39.00 121.00 160.00 OK
r-patched-linux-x86_64 0.5.1 5.47 82.53 88.00 OK
r-release-linux-x86_64 0.5.1 5.50 81.04 86.54 OK
r-release-macos-arm64 0.5.1 36.00 NOTE
r-release-macos-x86_64 0.5.1 60.00 NOTE
r-release-windows-x86_64 0.5.1 31.00 122.00 153.00 OK
r-oldrel-macos-arm64 0.5.1 32.00 NOTE
r-oldrel-macos-x86_64 0.5.1 52.00 NOTE
r-oldrel-windows-ix86+x86_64 0.5.1 17.00 113.00 130.00 OK

Check Details

Version: 0.5.1
Check: data for non-ASCII characters
Result: NOTE
     Note: found 113 marked UTF-8 strings
Flavors: r-devel-linux-x86_64-fedora-clang, r-devel-linux-x86_64-fedora-gcc, r-release-macos-arm64, r-release-macos-x86_64, r-oldrel-macos-arm64, r-oldrel-macos-x86_64