Last updated on 2023-06-09 00:54:37 CEST.
Flavor | Version | Tinstall | Tcheck | Ttotal | Status | Flags |
---|---|---|---|---|---|---|
r-devel-linux-x86_64-debian-clang | 0.1.0 | 13.10 | 107.32 | 120.42 | OK | |
r-devel-linux-x86_64-debian-gcc | 0.1.0 | 10.17 | 80.36 | 90.53 | OK | |
r-devel-linux-x86_64-fedora-clang | 0.1.0 | 156.22 | NOTE | |||
r-devel-linux-x86_64-fedora-gcc | 0.1.0 | 152.50 | NOTE | |||
r-devel-windows-x86_64 | 0.1.0 | 12.00 | 96.00 | 108.00 | OK | |
r-patched-linux-x86_64 | 0.1.0 | 16.41 | 99.65 | 116.06 | OK | |
r-release-linux-x86_64 | 0.1.0 | 7.95 | 99.23 | 107.18 | OK | |
r-release-macos-arm64 | 0.1.0 | 46.00 | OK | |||
r-release-macos-x86_64 | 0.1.0 | 70.00 | OK | |||
r-release-windows-x86_64 | 0.1.0 | 16.00 | 111.00 | 127.00 | OK | |
r-oldrel-macos-arm64 | 0.1.0 | 42.00 | NOTE | |||
r-oldrel-macos-x86_64 | 0.1.0 | 60.00 | NOTE | |||
r-oldrel-windows-x86_64 | 0.1.0 | 16.00 | 110.00 | 126.00 | OK |
Version: 0.1.0
Check: dependencies in R code
Result: NOTE
Namespace in Imports field not imported from: ‘reticulate’
All declared Imports should be used.
Flavors: r-devel-linux-x86_64-fedora-clang, r-devel-linux-x86_64-fedora-gcc, r-oldrel-macos-arm64, r-oldrel-macos-x86_64