CRAN Package Check Results for Package tidymodels

Last updated on 2021-12-07 23:54:46 CET.

Flavor Version Tinstall Tcheck Ttotal Status Flags
r-devel-linux-x86_64-debian-clang 0.1.4 14.89 151.99 166.88 OK
r-devel-linux-x86_64-debian-gcc 0.1.4 13.56 118.35 131.91 OK
r-devel-linux-x86_64-fedora-clang 0.1.4 211.12 NOTE
r-devel-linux-x86_64-fedora-gcc 0.1.4 187.92 NOTE
r-devel-windows-x86_64-new-UL 0.1.4 27.00 190.00 217.00 OK
r-devel-windows-x86_64-new-TK 0.1.4 NOTE
r-devel-windows-x86_64-old 0.1.4 24.00 129.00 153.00 OK
r-patched-linux-x86_64 0.1.4 10.78 143.01 153.79 OK
r-release-linux-x86_64 0.1.4 11.95 142.67 154.62 OK
r-release-macos-arm64 0.1.4 NOTE
r-release-macos-x86_64 0.1.4 NOTE
r-release-windows-ix86+x86_64 0.1.4 30.00 172.00 202.00 OK
r-oldrel-macos-x86_64 0.1.4 NOTE
r-oldrel-windows-ix86+x86_64 0.1.4 39.00 172.00 211.00 OK

Check Details

Version: 0.1.4
Check: package dependencies
Result: NOTE
    Imports includes 21 non-default packages.
    Importing from so many packages makes the package vulnerable to any of
    them becoming unavailable. Move as many as possible to Suggests and
    use conditionally.
Flavor: r-devel-linux-x86_64-fedora-clang

Version: 0.1.4
Check: dependencies in R code
Result: NOTE
    Namespaces in Imports field not imported from:
     ‘hardhat’ ‘modeldata’
     All declared Imports should be used.
Flavors: r-devel-linux-x86_64-fedora-clang, r-devel-linux-x86_64-fedora-gcc, r-devel-windows-x86_64-new-TK, r-release-macos-arm64, r-release-macos-x86_64, r-oldrel-macos-x86_64