Last updated on 2023-02-03 23:51:51 CET.
Flavor | Version | Tinstall | Tcheck | Ttotal | Status | Flags |
---|---|---|---|---|---|---|
r-devel-linux-x86_64-debian-clang | 0.0.2 | 54.14 | 124.29 | 178.43 | NOTE | |
r-devel-linux-x86_64-debian-gcc | 0.0.2 | 43.71 | 90.10 | 133.81 | NOTE | |
r-devel-linux-x86_64-fedora-clang | 0.0.2 | 237.73 | NOTE | |||
r-devel-linux-x86_64-fedora-gcc | 0.0.2 | 223.87 | NOTE | |||
r-patched-linux-x86_64 | 0.0.2 | 42.43 | 114.20 | 156.63 | OK | |
r-release-linux-x86_64 | 0.0.2 | 42.08 | 118.45 | 160.53 | OK | |
r-release-macos-arm64 | 0.0.2 | 58.00 | OK | |||
r-release-macos-x86_64 | 0.0.2 | 100.00 | OK | |||
r-release-windows-x86_64 | 0.0.2 | 62.00 | 177.00 | 239.00 | OK | |
r-oldrel-macos-arm64 | 0.0.2 | 55.00 | OK | |||
r-oldrel-macos-x86_64 | 0.0.2 | 79.00 | OK | |||
r-oldrel-windows-ix86+x86_64 | 0.0.2 | 118.00 | 213.00 | 331.00 | OK |
Version: 0.0.2
Check: C++ specification
Result: NOTE
Specified C++11: please update to current default of C++17
Flavors: r-devel-linux-x86_64-debian-clang, r-devel-linux-x86_64-debian-gcc, r-devel-linux-x86_64-fedora-clang, r-devel-linux-x86_64-fedora-gcc
Version: 0.0.2
Check: Rd cross-references
Result: NOTE
Undeclared package ‘slam’ in Rd xrefs
Flavor: r-devel-linux-x86_64-fedora-clang