Last updated on 2022-06-26 23:52:12 CEST.
Flavor | Version | Tinstall | Tcheck | Ttotal | Status | Flags |
---|---|---|---|---|---|---|
r-devel-linux-x86_64-debian-clang | 4.1.1 | 3.03 | 32.99 | 36.02 | OK | |
r-devel-linux-x86_64-debian-gcc | 4.1.1 | 2.82 | 25.75 | 28.57 | OK | |
r-devel-linux-x86_64-fedora-clang | 4.1.1 | 54.18 | NOTE | |||
r-devel-linux-x86_64-fedora-gcc | 4.1.1 | 53.07 | NOTE | |||
r-devel-windows-x86_64 | 4.1.1 | 11.00 | 61.00 | 72.00 | OK | |
r-patched-linux-x86_64 | 4.1.1 | 3.60 | 31.70 | 35.30 | OK | |
r-release-linux-x86_64 | 4.1.1 | 2.70 | 32.45 | 35.15 | OK | |
r-release-macos-arm64 | 4.1.1 | 19.00 | NOTE | |||
r-release-macos-x86_64 | 4.1.1 | 33.00 | NOTE | |||
r-release-windows-x86_64 | 4.1.1 | 14.00 | 58.00 | 72.00 | OK | |
r-oldrel-macos-arm64 | 4.1.1 | 23.00 | NOTE | |||
r-oldrel-macos-x86_64 | 4.1.1 | 29.00 | NOTE | |||
r-oldrel-windows-ix86+x86_64 | 4.1.1 | 9.00 | 57.00 | 66.00 | OK |
Version: 4.1.1
Check: dependencies in R code
Result: NOTE
Namespaces in Imports field not imported from:
‘decorators’ ‘microservices’ ‘usethat’
All declared Imports should be used.
Flavors: r-devel-linux-x86_64-fedora-clang, r-devel-linux-x86_64-fedora-gcc, r-release-macos-arm64, r-release-macos-x86_64, r-oldrel-macos-arm64, r-oldrel-macos-x86_64