CRAN Package Check Results for Package tidyfast

Last updated on 2023-01-30 00:31:27 CET.

Flavor Version Tinstall Tcheck Ttotal Status Flags
r-devel-linux-x86_64-debian-clang 0.2.1 18.93 52.33 71.26 NOTE
r-devel-linux-x86_64-debian-gcc 0.2.1 15.62 37.08 52.70 NOTE
r-devel-linux-x86_64-fedora-clang 0.2.1 94.46 NOTE
r-devel-linux-x86_64-fedora-gcc 0.2.1 81.76 NOTE
r-devel-windows-x86_64 0.2.1 41.00 100.00 141.00 NOTE
r-patched-linux-x86_64 0.2.1 14.81 48.06 62.87 NOTE
r-release-linux-x86_64 0.2.1 14.00 49.34 63.34 NOTE
r-release-macos-arm64 0.2.1 27.00 NOTE
r-release-macos-x86_64 0.2.1 38.00 NOTE
r-release-windows-x86_64 0.2.1 40.00 97.00 137.00 NOTE
r-oldrel-macos-arm64 0.2.1 37.00 NOTE
r-oldrel-macos-x86_64 0.2.1 46.00 NOTE
r-oldrel-windows-ix86+x86_64 0.2.1 46.00 119.00 165.00 NOTE

Check Details

Version: 0.2.1
Check: LazyData
Result: NOTE
     'LazyData' is specified without a 'data' directory
Flavors: r-devel-linux-x86_64-debian-clang, r-devel-linux-x86_64-debian-gcc, r-devel-linux-x86_64-fedora-clang, r-devel-linux-x86_64-fedora-gcc, r-devel-windows-x86_64, r-patched-linux-x86_64, r-release-linux-x86_64, r-release-macos-arm64, r-release-macos-x86_64, r-release-windows-x86_64, r-oldrel-macos-arm64, r-oldrel-macos-x86_64, r-oldrel-windows-ix86+x86_64