Last updated on 2023-06-02 01:00:41 CEST.
Flavor | Version | Tinstall | Tcheck | Ttotal | Status | Flags |
---|---|---|---|---|---|---|
r-devel-linux-x86_64-debian-clang | 1.1.0 | 6.21 | 55.42 | 61.63 | OK | |
r-devel-linux-x86_64-debian-gcc | 1.1.0 | 5.10 | 43.18 | 48.28 | OK | |
r-devel-linux-x86_64-fedora-clang | 1.1.0 | 79.76 | NOTE | |||
r-devel-linux-x86_64-fedora-gcc | 1.1.0 | 83.77 | NOTE | |||
r-devel-windows-x86_64 | 1.1.0 | 8.00 | 63.00 | 71.00 | OK | |
r-patched-linux-x86_64 | 1.1.0 | OK | ||||
r-release-linux-x86_64 | 1.1.0 | 4.31 | 52.16 | 56.47 | OK | |
r-release-macos-arm64 | 1.1.0 | 35.00 | OK | |||
r-release-macos-x86_64 | 1.1.0 | 54.00 | OK | |||
r-release-windows-x86_64 | 1.1.0 | 10.00 | 71.00 | 81.00 | OK | |
r-oldrel-macos-arm64 | 1.1.0 | 27.00 | NOTE | |||
r-oldrel-macos-x86_64 | 1.1.0 | 52.00 | NOTE | |||
r-oldrel-windows-x86_64 | 1.1.0 | 9.00 | 76.00 | 85.00 | OK |
Version: 1.1.0
Check: dependencies in R code
Result: NOTE
Namespaces in Imports field not imported from:
‘grDevices’ ‘graphics’ ‘utils’
All declared Imports should be used.
Flavors: r-devel-linux-x86_64-fedora-clang, r-devel-linux-x86_64-fedora-gcc, r-oldrel-macos-arm64, r-oldrel-macos-x86_64
Version: 1.1.0
Check: data for non-ASCII characters
Result: NOTE
Note: found 6 marked UTF-8 strings
Flavors: r-devel-linux-x86_64-fedora-clang, r-devel-linux-x86_64-fedora-gcc, r-oldrel-macos-arm64, r-oldrel-macos-x86_64