CRAN Package Check Results for Package tidydann

Last updated on 2024-07-14 00:55:37 CEST.

Flavor Version Tinstall Tcheck Ttotal Status Flags
r-devel-linux-x86_64-debian-clang 1.0.0 5.12 237.80 242.92 OK
r-devel-linux-x86_64-debian-gcc 1.0.0 4.43 152.09 156.52 OK
r-devel-linux-x86_64-fedora-clang 1.0.0 267.99 NOTE
r-devel-linux-x86_64-fedora-gcc 1.0.0 266.89 OK
r-devel-windows-x86_64 1.0.0 6.00 142.00 148.00 OK
r-patched-linux-x86_64 1.0.0 5.33 221.63 226.96 OK
r-release-linux-x86_64 1.0.0 3.26 227.08 230.34 OK
r-release-macos-arm64 1.0.0 57.00 OK
r-release-macos-x86_64 1.0.0 98.00 OK
r-release-windows-x86_64 1.0.0 7.00 147.00 154.00 OK
r-oldrel-macos-arm64 1.0.0 77.00 OK
r-oldrel-macos-x86_64 1.0.0 259.00 OK
r-oldrel-windows-x86_64 1.0.0 7.00 193.00 200.00 OK

Check Details

Version: 1.0.0
Check: Rd cross-references
Result: NOTE Undeclared package ‘fpc’ in Rd xrefs Flavor: r-devel-linux-x86_64-fedora-clang